Last updated on 2021-01-27 23:49:21 CET.
Flavor | Version | Tinstall | Tcheck | Ttotal | Status | Flags |
---|---|---|---|---|---|---|
r-devel-linux-x86_64-debian-clang | 2.1.5 | 21.66 | 125.85 | 147.51 | OK | |
r-devel-linux-x86_64-debian-gcc | 2.1.5 | OK | ||||
r-devel-linux-x86_64-fedora-clang | 2.1.5 | 185.47 | OK | |||
r-devel-linux-x86_64-fedora-gcc | 2.1.5 | 180.41 | OK | |||
r-devel-windows-ix86+x86_64 | 2.1.5 | 40.00 | 148.00 | 188.00 | OK | |
r-patched-linux-x86_64 | 2.1.5 | 21.42 | 121.38 | 142.80 | OK | |
r-patched-solaris-x86 | 2.1.5 | 226.00 | OK | |||
r-release-linux-x86_64 | 2.1.5 | 21.11 | 123.62 | 144.73 | OK | |
r-release-macos-x86_64 | 2.1.5 | OK | ||||
r-release-windows-ix86+x86_64 | 2.1.5 | 37.00 | 113.00 | 150.00 | OK | |
r-oldrel-macos-x86_64 | 2.1.5 | ERROR | ||||
r-oldrel-windows-ix86+x86_64 | 2.1.2 | 29.00 | 136.00 | 165.00 | OK |
Version: 2.1.5
Check: whether package can be installed
Result: ERROR
Installation failed.
Flavor: r-oldrel-macos-x86_64