CRAN Package Check Results for Package IMD

Last updated on 2022-07-01 23:53:24 CEST.

Flavor Version Tinstall Tcheck Ttotal Status Flags
r-devel-linux-x86_64-debian-clang 1.0.2 6.47 38.63 45.10 OK
r-devel-linux-x86_64-debian-gcc 1.0.2 4.95 30.65 35.60 OK
r-devel-linux-x86_64-fedora-clang 1.0.2 68.16 NOTE
r-devel-linux-x86_64-fedora-gcc 1.0.2 63.43 NOTE
r-devel-windows-x86_64 1.0.2 15.00 69.00 84.00 OK
r-patched-linux-x86_64 1.0.2 5.01 37.23 42.24 OK
r-release-linux-x86_64 1.0.2 5.26 37.99 43.25 OK
r-release-macos-arm64 1.0.2 24.00 NOTE
r-release-macos-x86_64 1.0.2 38.00 NOTE
r-release-windows-x86_64 1.0.2 18.00 69.00 87.00 OK
r-oldrel-macos-arm64 1.0.2 28.00 NOTE
r-oldrel-macos-x86_64 1.0.2 32.00 NOTE
r-oldrel-windows-ix86+x86_64 1.0.2 13.00 65.00 78.00 OK

Check Details

Version: 1.0.2
Check: dependencies in R code
Result: NOTE
    Namespaces in Imports field not imported from:
     ‘Hmisc’ ‘devtools’ ‘httr’ ‘readODS’ ‘readxl’ ‘tidyr’
     All declared Imports should be used.
Flavors: r-devel-linux-x86_64-fedora-clang, r-devel-linux-x86_64-fedora-gcc, r-release-macos-arm64, r-release-macos-x86_64, r-oldrel-macos-arm64, r-oldrel-macos-x86_64