CRAN Package Check Results for Package IFP

Last updated on 2022-12-02 23:50:30 CET.

Flavor Version Tinstall Tcheck Ttotal Status Flags
r-devel-linux-x86_64-debian-clang 0.2.4 34.70 182.37 217.07 OK
r-devel-linux-x86_64-debian-gcc 0.2.4 29.01 131.25 160.26 OK
r-devel-linux-x86_64-fedora-clang 0.2.4 297.93 NOTE
r-devel-linux-x86_64-fedora-gcc 0.2.4 282.97 NOTE
r-devel-windows-x86_64 0.2.4 42.00 217.00 259.00 OK
r-patched-linux-x86_64 0.2.4 22.60 170.01 192.61 OK
r-release-linux-x86_64 0.2.4 24.35 176.85 201.20 OK
r-release-macos-arm64 0.2.4 64.00 OK
r-release-macos-x86_64 0.2.4 111.00 OK
r-release-windows-x86_64 0.2.4 43.00 212.00 255.00 OK
r-oldrel-macos-arm64 0.2.4 75.00 OK
r-oldrel-macos-x86_64 0.2.4 133.00 OK
r-oldrel-windows-ix86+x86_64 0.2.4 69.00 251.00 320.00 OK

Check Details

Version: 0.2.4
Check: compiled code
Result: NOTE
    File ‘IFP/libs/IFP.so’:
     Found no calls to: ‘R_registerRoutines’, ‘R_useDynamicSymbols’
    
    It is good practice to register native routines and to disable symbol
    search.
    
    See ‘Writing portable packages’ in the ‘Writing R Extensions’ manual.
Flavors: r-devel-linux-x86_64-fedora-clang, r-devel-linux-x86_64-fedora-gcc