CRAN Package Check Results for Package IDetect

Last updated on 2023-03-27 00:50:27 CEST.

Flavor Version Tinstall Tcheck Ttotal Status Flags
r-devel-linux-x86_64-debian-clang 0.1.0 5.03 86.34 91.37 NOTE
r-devel-linux-x86_64-debian-gcc 0.1.0 3.33 60.91 64.24 NOTE
r-devel-linux-x86_64-fedora-gcc 0.1.0 108.89 NOTE
r-devel-windows-x86_64 0.1.0 23.00 128.00 151.00 NOTE
r-patched-linux-x86_64 0.1.0 5.65 86.86 92.51 NOTE
r-release-linux-x86_64 0.1.0 4.63 85.47 90.10 NOTE
r-release-macos-arm64 0.1.0 39.00 NOTE
r-release-macos-x86_64 0.1.0 59.00 NOTE
r-release-windows-x86_64 0.1.0 25.00 123.00 148.00 NOTE
r-oldrel-macos-arm64 0.1.0 48.00 NOTE
r-oldrel-macos-x86_64 0.1.0 87.00 NOTE
r-oldrel-windows-ix86+x86_64 0.1.0 7.00 118.00 125.00 NOTE

Check Details

Version: 0.1.0
Check: LazyData
Result: NOTE
     'LazyData' is specified without a 'data' directory
Flavors: r-devel-linux-x86_64-debian-clang, r-devel-linux-x86_64-debian-gcc, r-devel-linux-x86_64-fedora-gcc, r-devel-windows-x86_64, r-patched-linux-x86_64, r-release-linux-x86_64, r-release-macos-arm64, r-release-macos-x86_64, r-release-windows-x86_64, r-oldrel-macos-arm64, r-oldrel-macos-x86_64, r-oldrel-windows-ix86+x86_64