Last updated on 2021-02-25 23:49:00 CET.
Flavor | Version | Tinstall | Tcheck | Ttotal | Status | Flags |
---|---|---|---|---|---|---|
r-devel-linux-x86_64-debian-clang | 0.1.1 | 21.19 | 210.51 | 231.70 | OK | |
r-devel-linux-x86_64-debian-gcc | 0.1.1 | 17.53 | 156.32 | 173.85 | OK | |
r-devel-linux-x86_64-fedora-clang | 0.1.1 | 315.28 | OK | |||
r-devel-linux-x86_64-fedora-gcc | 0.1.1 | 293.22 | OK | |||
r-devel-windows-ix86+x86_64 | 0.1.1 | 35.00 | 176.00 | 211.00 | OK | |
r-patched-linux-x86_64 | 0.1.1 | 20.19 | 191.89 | 212.08 | OK | |
r-patched-solaris-x86 | 0.1.1 | 390.80 | OK | |||
r-release-linux-x86_64 | 0.1.1 | 20.09 | 192.13 | 212.22 | OK | |
r-release-macos-x86_64 | 0.1.1 | OK | ||||
r-release-windows-ix86+x86_64 | 0.1.1 | 52.00 | 243.00 | 295.00 | OK | |
r-oldrel-macos-x86_64 | 0.1.1 | ERROR | ||||
r-oldrel-windows-ix86+x86_64 | 0.1.1 | 33.00 | 221.00 | 254.00 | OK |
Version: 0.1.1
Check: package dependencies
Result: ERROR
Package required but not available: ‘org.Hs.eg.db’
See section ‘The DESCRIPTION file’ in the ‘Writing R Extensions’
manual.
Flavor: r-oldrel-macos-x86_64