CRAN Package Check Results for Package IBRtools

Last updated on 2024-06-14 00:53:45 CEST.

Flavor Version Tinstall Tcheck Ttotal Status Flags
r-devel-linux-x86_64-debian-clang 0.1.3 6.54 52.59 59.13 OK
r-devel-linux-x86_64-debian-gcc 0.1.3 0.37 1.71 2.08 ERROR
r-devel-linux-x86_64-fedora-clang 0.1.3 74.98 OK
r-devel-linux-x86_64-fedora-gcc 0.1.3 68.79 OK
r-devel-windows-x86_64 0.1.3 6.00 64.00 70.00 OK
r-patched-linux-x86_64 0.1.3 6.15 52.04 58.19 OK
r-release-linux-x86_64 0.1.3 3.82 51.64 55.46 OK
r-release-macos-arm64 0.1.3 31.00 OK
r-release-macos-x86_64 0.1.3 38.00 OK
r-release-windows-x86_64 0.1.3 7.00 67.00 74.00 OK
r-oldrel-macos-arm64 0.1.3 27.00 OK
r-oldrel-macos-x86_64 0.1.3 37.00 OK
r-oldrel-windows-x86_64 0.1.3 8.00 73.00 81.00 OK

Check Details

Version: 0.1.3
Check: package dependencies
Result: ERROR Packages required but not available: 'dplyr', 'tibble', 'tidyr', 'tidyselect' Package suggested but not available for checking: ‘testthat’ See section ‘The DESCRIPTION file’ in the ‘Writing R Extensions’ manual. Flavor: r-devel-linux-x86_64-debian-gcc