CRAN Package Check Results for Package HypergeoMat

Last updated on 2021-04-22 23:49:42 CEST.

Flavor Version Tinstall Tcheck Ttotal Status Flags
r-devel-linux-x86_64-debian-clang 3.1.0 38.45 67.26 105.71 NOTE
r-devel-linux-x86_64-debian-gcc 3.1.0 25.03 53.12 78.15 NOTE
r-devel-linux-x86_64-fedora-clang 3.1.0 150.36 NOTE
r-devel-linux-x86_64-fedora-gcc 3.1.0 127.77 NOTE
r-devel-windows-ix86+x86_64 3.1.0 87.00 148.00 235.00 NOTE
r-devel-windows-x86_64-gcc10-UCRT 3.1.0 NOTE
r-patched-linux-x86_64 3.1.0 29.68 62.30 91.98 OK
r-patched-solaris-x86 3.1.0 150.30 OK
r-release-linux-x86_64 3.1.0 31.41 62.79 94.20 OK
r-release-macos-x86_64 3.1.0 OK
r-release-windows-ix86+x86_64 3.1.0 83.00 156.00 239.00 OK
r-oldrel-macos-x86_64 3.1.0 OK
r-oldrel-windows-ix86+x86_64 3.1.0 62.00 145.00 207.00 OK

Check Details

Version: 3.1.0
Check: LazyData
Result: NOTE
     'LazyData' is specified without a 'data' directory
Flavors: r-devel-linux-x86_64-debian-clang, r-devel-linux-x86_64-debian-gcc, r-devel-linux-x86_64-fedora-clang, r-devel-linux-x86_64-fedora-gcc, r-devel-windows-ix86+x86_64, r-devel-windows-x86_64-gcc10-UCRT