CRAN Package Check Results for Package HostSwitch

Last updated on 2022-12-03 23:56:17 CET.

Flavor Version Tinstall Tcheck Ttotal Status Flags
r-devel-linux-x86_64-debian-clang 0.1.2 8.87 95.27 104.14 OK
r-devel-linux-x86_64-debian-gcc 0.1.2 6.60 72.53 79.13 OK
r-devel-linux-x86_64-fedora-clang 0.1.2 137.22 NOTE
r-devel-linux-x86_64-fedora-gcc 0.1.2 134.75 NOTE
r-devel-windows-x86_64 0.1.2 33.00 141.00 174.00 OK
r-patched-linux-x86_64 0.1.2 6.99 88.11 95.10 OK
r-release-linux-x86_64 0.1.2 7.82 87.06 94.88 OK
r-release-macos-arm64 0.1.2 40.00 NOTE
r-release-macos-x86_64 0.1.2 63.00 NOTE
r-release-windows-x86_64 0.1.2 12.00 136.00 148.00 OK
r-oldrel-macos-arm64 0.1.2 42.00 NOTE
r-oldrel-macos-x86_64 0.1.2 68.00 NOTE
r-oldrel-windows-ix86+x86_64 0.1.2 23.00 131.00 154.00 OK

Check Details

Version: 0.1.2
Check: dependencies in R code
Result: NOTE
    Namespace in Imports field not imported from: ‘purrr’
     All declared Imports should be used.
Flavors: r-devel-linux-x86_64-fedora-clang, r-devel-linux-x86_64-fedora-gcc, r-release-macos-arm64, r-release-macos-x86_64, r-oldrel-macos-arm64, r-oldrel-macos-x86_64