CRAN Package Check Results for Package HistDAWass

Last updated on 2022-11-29 22:53:38 CET.

Flavor Version Tinstall Tcheck Ttotal Status Flags
r-devel-linux-x86_64-debian-clang 1.0.7 74.58 167.65 242.23 OK
r-devel-linux-x86_64-debian-gcc 1.0.7 52.71 122.80 175.51 OK
r-devel-linux-x86_64-fedora-clang 1.0.7 316.33 NOTE
r-devel-linux-x86_64-fedora-gcc 1.0.7 304.30 NOTE
r-devel-windows-x86_64 1.0.7 165.00 240.00 405.00 OK
r-patched-linux-x86_64 1.0.7 65.22 152.69 217.91 OK
r-release-linux-x86_64 1.0.7 55.13 151.94 207.07 OK
r-release-macos-arm64 1.0.7 79.00 NOTE
r-release-macos-x86_64 1.0.7 109.00 NOTE
r-release-windows-x86_64 1.0.7 151.00 231.00 382.00 OK
r-oldrel-macos-arm64 1.0.7 74.00 NOTE
r-oldrel-macos-x86_64 1.0.7 107.00 NOTE
r-oldrel-windows-ix86+x86_64 1.0.7 154.00 252.00 406.00 OK

Check Details

Version: 1.0.7
Check: dependencies in R code
Result: NOTE
    Namespace in Imports field not imported from: ‘plyr’
     All declared Imports should be used.
Flavors: r-devel-linux-x86_64-fedora-clang, r-devel-linux-x86_64-fedora-gcc, r-release-macos-arm64, r-release-macos-x86_64, r-oldrel-macos-arm64, r-oldrel-macos-x86_64

Version: 1.0.7
Check: installed package size
Result: NOTE
     installed size is 7.1Mb
     sub-directories of 1Mb or more:
     data 1.0Mb
     libs 5.1Mb
Flavors: r-release-macos-arm64, r-release-macos-x86_64, r-oldrel-macos-arm64, r-oldrel-macos-x86_64