CRAN Package Check Results for Package HierO

Last updated on 2019-07-15 00:50:34 CEST.

Flavor Version Tinstall Tcheck Ttotal Status Flags
r-devel-linux-x86_64-debian-clang 0.2 23.79 49.60 73.39 NOTE
r-devel-linux-x86_64-debian-gcc 0.2 17.97 40.12 58.09 NOTE
r-devel-linux-x86_64-fedora-clang 0.2 93.15 NOTE
r-devel-linux-x86_64-fedora-gcc 0.2 86.95 NOTE
r-devel-windows-ix86+x86_64 0.2 27.00 73.00 100.00 NOTE
r-patched-linux-x86_64 0.2 24.93 50.67 75.60 NOTE
r-patched-solaris-x86 0.2 123.20 NOTE
r-release-linux-x86_64 0.2 23.96 49.22 73.18 NOTE
r-release-windows-ix86+x86_64 0.2 32.00 73.00 105.00 NOTE
r-release-osx-x86_64 0.2 ERROR
r-oldrel-windows-ix86+x86_64 0.2 23.00 86.00 109.00 NOTE
r-oldrel-osx-x86_64 0.2 ERROR

Check Details

Version: 0.2
Check: package dependencies
Result: NOTE
    Package suggested but not available for checking: 'XMLRPC'
Flavors: r-devel-linux-x86_64-debian-clang, r-devel-linux-x86_64-debian-gcc, r-devel-windows-ix86+x86_64, r-patched-linux-x86_64, r-patched-solaris-x86, r-release-linux-x86_64, r-release-windows-ix86+x86_64, r-release-osx-x86_64, r-oldrel-windows-ix86+x86_64, r-oldrel-osx-x86_64

Version: 0.2
Check: R code for possible problems
Result: NOTE
    calcPower: no visible global function definition for 'pchisq'
    calcPower: no visible global function definition for 'qchisq'
    delta2 : K1: no visible global function definition for 'qnorm'
    delta2: no visible global function definition for 'qnorm'
    delta2: no visible global function definition for 'pnorm'
    delta2: no visible global function definition for 'dnorm'
    Undefined global functions or variables:
     dnorm pchisq pnorm qchisq qnorm
    Consider adding
     importFrom("stats", "dnorm", "pchisq", "pnorm", "qchisq", "qnorm")
    to your NAMESPACE file.
Flavors: r-devel-linux-x86_64-debian-clang, r-devel-linux-x86_64-debian-gcc, r-devel-linux-x86_64-fedora-clang, r-devel-linux-x86_64-fedora-gcc, r-devel-windows-ix86+x86_64, r-patched-linux-x86_64, r-patched-solaris-x86, r-release-linux-x86_64, r-release-windows-ix86+x86_64, r-oldrel-windows-ix86+x86_64

Version: 0.2
Check: whether package can be installed
Result: ERROR
    Installation failed.
Flavors: r-release-osx-x86_64, r-oldrel-osx-x86_64