CRAN Package Check Results for Package HeteroGGM

Last updated on 2022-01-23 23:50:19 CET.

Flavor Version Tinstall Tcheck Ttotal Status Flags
r-devel-linux-x86_64-debian-clang 0.1.0 4.51 48.42 52.93 OK
r-devel-linux-x86_64-debian-gcc 0.1.0 3.40 42.56 45.96 OK
r-devel-linux-x86_64-fedora-clang 0.1.0 64.53 NOTE
r-devel-linux-x86_64-fedora-gcc 0.1.0 52.86 NOTE
r-devel-windows-x86_64-new-UL 0.1.0 40.00 73.00 113.00 OK
r-devel-windows-x86_64-new-TK 0.1.0 NOTE
r-patched-linux-x86_64 0.1.0 4.42 46.06 50.48 OK
r-release-linux-x86_64 0.1.0 2.49 45.84 48.33 OK
r-release-macos-arm64 0.1.0 NOTE
r-release-macos-x86_64 0.1.0 NOTE
r-release-windows-ix86+x86_64 0.1.0 9.00 56.00 65.00 OK
r-oldrel-macos-x86_64 0.1.0 NOTE
r-oldrel-windows-ix86+x86_64 0.1.0 8.00 58.00 66.00 OK

Check Details

Version: 0.1.0
Check: dependencies in R code
Result: NOTE
    Namespaces in Imports field not imported from:
     ‘MASS’ ‘Matrix’
     All declared Imports should be used.
Flavors: r-devel-linux-x86_64-fedora-clang, r-devel-linux-x86_64-fedora-gcc, r-devel-windows-x86_64-new-TK, r-release-macos-arm64, r-release-macos-x86_64, r-oldrel-macos-x86_64