CRAN Package Check Results for Package HeckmanEM

Last updated on 2021-04-17 23:48:27 CEST.

Flavor Version Tinstall Tcheck Ttotal Status Flags
r-devel-linux-x86_64-debian-clang 0.1.1 13.33 99.69 113.02 NOTE
r-devel-linux-x86_64-debian-gcc 0.1.1 10.05 77.61 87.66 NOTE
r-devel-linux-x86_64-fedora-clang 0.1.1 139.41 NOTE
r-devel-linux-x86_64-fedora-gcc 0.1.1 125.74 NOTE
r-devel-windows-ix86+x86_64 0.1.1 30.00 119.00 149.00 NOTE
r-devel-windows-x86_64-gcc10-UCRT 0.1.1 NOTE
r-patched-linux-x86_64 0.1.1 10.68 90.88 101.56 OK
r-patched-solaris-x86 0.1.1 203.70 OK
r-release-linux-x86_64 0.1.1 11.41 91.60 103.01 OK
r-release-macos-x86_64 0.1.1 OK
r-release-windows-ix86+x86_64 0.1.1 30.00 122.00 152.00 OK
r-oldrel-macos-x86_64 0.1.1 OK
r-oldrel-windows-ix86+x86_64 0.1.1 18.00 111.00 129.00 OK

Check Details

Version: 0.1.1
Check: LazyData
Result: NOTE
     'LazyData' is specified without a 'data' directory
Flavors: r-devel-linux-x86_64-debian-clang, r-devel-linux-x86_64-debian-gcc, r-devel-linux-x86_64-fedora-clang, r-devel-linux-x86_64-fedora-gcc, r-devel-windows-ix86+x86_64, r-devel-windows-x86_64-gcc10-UCRT