Last updated on 2019-12-08 23:47:25 CET.
Flavor | Version | Tinstall | Tcheck | Ttotal | Status | Flags |
---|---|---|---|---|---|---|
r-devel-linux-x86_64-debian-clang | 1.4 | 7.66 | 91.57 | 99.23 | NOTE | |
r-devel-linux-x86_64-debian-gcc | 1.4 | 6.91 | 69.04 | 75.95 | NOTE | |
r-devel-linux-x86_64-fedora-clang | 1.4 | 118.75 | NOTE | |||
r-devel-linux-x86_64-fedora-gcc | 1.4 | 114.99 | NOTE | |||
r-devel-windows-ix86+x86_64 | 1.4 | 15.00 | 102.00 | 117.00 | NOTE | |
r-devel-windows-ix86+x86_64-gcc8 | 1.4 | 16.00 | 100.00 | 116.00 | NOTE | |
r-patched-linux-x86_64 | 1.4 | 5.77 | 80.64 | 86.41 | NOTE | |
r-patched-solaris-x86 | 1.4 | 165.40 | NOTE | |||
r-release-linux-x86_64 | 1.4 | 7.50 | 80.62 | 88.12 | NOTE | |
r-release-windows-ix86+x86_64 | 1.4 | 21.00 | 88.00 | 109.00 | NOTE | |
r-release-osx-x86_64 | 1.4 | NOTE | ||||
r-oldrel-windows-ix86+x86_64 | 1.4 | 8.00 | 86.00 | 94.00 | NOTE | |
r-oldrel-osx-x86_64 | 1.4 | NOTE |
Version: 1.4
Check: DESCRIPTION meta-information
Result: NOTE
Malformed Title field: should not end in a period.
Flavors: r-devel-linux-x86_64-debian-clang, r-devel-linux-x86_64-debian-gcc, r-devel-linux-x86_64-fedora-clang, r-devel-linux-x86_64-fedora-gcc, r-devel-windows-ix86+x86_64, r-devel-windows-ix86+x86_64-gcc8, r-patched-linux-x86_64, r-patched-solaris-x86, r-release-linux-x86_64, r-release-windows-ix86+x86_64, r-release-osx-x86_64, r-oldrel-windows-ix86+x86_64, r-oldrel-osx-x86_64
Version: 1.4
Check: R code for possible problems
Result: NOTE
HWEImportSamp: no visible global function definition for 'dnorm'
HWEImportSamp: no visible global function definition for 'rnorm'
HWEmodelsMLE: no visible global function definition for 'optim'
HWEsimdat: no visible global function definition for 'rmultinom'
LambdaOptim: no visible global function definition for 'rnorm'
LambdaOptim : LambdaPriorChoice: no visible global function definition
for 'quantile'
LambdaOptim: no visible global function definition for 'optim'
SinglefPrior: no visible global function definition for 'rnorm'
SinglefReject: no visible global function definition for 'runif'
TriangNormHWE: no visible global function definition for 'pbeta'
Undefined global functions or variables:
dnorm optim pbeta quantile rmultinom rnorm runif
Consider adding
importFrom("stats", "dnorm", "optim", "pbeta", "quantile", "rmultinom",
"rnorm", "runif")
to your NAMESPACE file.
Flavors: r-devel-linux-x86_64-debian-clang, r-devel-linux-x86_64-debian-gcc, r-devel-linux-x86_64-fedora-clang, r-devel-linux-x86_64-fedora-gcc, r-devel-windows-ix86+x86_64, r-devel-windows-ix86+x86_64-gcc8, r-patched-linux-x86_64, r-patched-solaris-x86, r-release-linux-x86_64, r-release-windows-ix86+x86_64, r-release-osx-x86_64, r-oldrel-windows-ix86+x86_64, r-oldrel-osx-x86_64