CRAN Package Check Results for Package HWEBayes

Last updated on 2019-07-22 06:47:40 CEST.

Flavor Version Tinstall Tcheck Ttotal Status Flags
r-devel-linux-x86_64-debian-clang 1.4 7.70 83.98 91.68 NOTE
r-devel-linux-x86_64-debian-gcc 1.4 7.02 64.98 72.00 NOTE
r-devel-linux-x86_64-fedora-clang 1.4 106.99 NOTE
r-devel-linux-x86_64-fedora-gcc 1.4 103.27 NOTE
r-devel-windows-ix86+x86_64 1.4 15.00 127.00 142.00 NOTE
r-patched-linux-x86_64 1.4 7.78 81.38 89.16 NOTE
r-patched-solaris-x86 1.4 164.60 NOTE
r-release-linux-x86_64 1.4 7.92 82.45 90.37 NOTE
r-release-windows-ix86+x86_64 1.4 15.00 94.00 109.00 NOTE
r-release-osx-x86_64 1.4 NOTE
r-oldrel-windows-ix86+x86_64 1.4 13.00 91.00 104.00 NOTE
r-oldrel-osx-x86_64 1.4 NOTE

Check Details

Version: 1.4
Check: DESCRIPTION meta-information
Result: NOTE
    Malformed Title field: should not end in a period.
Flavors: r-devel-linux-x86_64-debian-clang, r-devel-linux-x86_64-debian-gcc, r-devel-linux-x86_64-fedora-clang, r-devel-linux-x86_64-fedora-gcc, r-devel-windows-ix86+x86_64, r-patched-linux-x86_64, r-patched-solaris-x86, r-release-linux-x86_64, r-release-windows-ix86+x86_64, r-release-osx-x86_64, r-oldrel-windows-ix86+x86_64, r-oldrel-osx-x86_64

Version: 1.4
Check: R code for possible problems
Result: NOTE
    HWEImportSamp: no visible global function definition for 'dnorm'
    HWEImportSamp: no visible global function definition for 'rnorm'
    HWEmodelsMLE: no visible global function definition for 'optim'
    HWEsimdat: no visible global function definition for 'rmultinom'
    LambdaOptim: no visible global function definition for 'rnorm'
    LambdaOptim : LambdaPriorChoice: no visible global function definition
     for 'quantile'
    LambdaOptim: no visible global function definition for 'optim'
    SinglefPrior: no visible global function definition for 'rnorm'
    SinglefReject: no visible global function definition for 'runif'
    TriangNormHWE: no visible global function definition for 'pbeta'
    Undefined global functions or variables:
     dnorm optim pbeta quantile rmultinom rnorm runif
    Consider adding
     importFrom("stats", "dnorm", "optim", "pbeta", "quantile", "rmultinom",
     "rnorm", "runif")
    to your NAMESPACE file.
Flavors: r-devel-linux-x86_64-debian-clang, r-devel-linux-x86_64-debian-gcc, r-devel-linux-x86_64-fedora-clang, r-devel-linux-x86_64-fedora-gcc, r-devel-windows-ix86+x86_64, r-patched-linux-x86_64, r-patched-solaris-x86, r-release-linux-x86_64, r-release-windows-ix86+x86_64, r-release-osx-x86_64, r-oldrel-windows-ix86+x86_64, r-oldrel-osx-x86_64