CRAN Package Check Results for Package HSDiC

Last updated on 2022-01-23 23:50:19 CET.

Flavor Version Tinstall Tcheck Ttotal Status Flags
r-devel-linux-x86_64-debian-clang 0.1 7.13 74.45 81.58 NOTE
r-devel-linux-x86_64-debian-gcc 0.1 6.44 67.20 73.64 NOTE
r-devel-linux-x86_64-fedora-clang 0.1 99.87 NOTE
r-devel-linux-x86_64-fedora-gcc 0.1 88.28 NOTE
r-devel-windows-x86_64-new-UL 0.1 21.00 98.00 119.00 NOTE
r-devel-windows-x86_64-new-TK 0.1 NOTE
r-patched-linux-x86_64 0.1 10.10 72.14 82.24 NOTE
r-release-linux-x86_64 0.1 6.19 72.62 78.81 NOTE
r-release-macos-arm64 0.1 NOTE
r-release-macos-x86_64 0.1 NOTE
r-release-windows-ix86+x86_64 0.1 18.00 86.00 104.00 NOTE
r-oldrel-macos-x86_64 0.1 OK
r-oldrel-windows-ix86+x86_64 0.1 19.00 87.00 106.00 OK

Check Details

Version: 0.1
Check: LazyData
Result: NOTE
     'LazyData' is specified without a 'data' directory
Flavors: r-devel-linux-x86_64-debian-clang, r-devel-linux-x86_64-debian-gcc, r-devel-linux-x86_64-fedora-clang, r-devel-linux-x86_64-fedora-gcc, r-devel-windows-x86_64-new-UL, r-devel-windows-x86_64-new-TK, r-patched-linux-x86_64, r-release-linux-x86_64, r-release-macos-arm64, r-release-macos-x86_64, r-release-windows-ix86+x86_64