CRAN Package Check Results for Package HPLB

Last updated on 2022-11-28 22:51:25 CET.

Flavor Version Tinstall Tcheck Ttotal Status Flags
r-devel-linux-x86_64-debian-clang 1.0.0 2.92 35.36 38.28 NOTE
r-devel-linux-x86_64-debian-gcc 1.0.0 2.33 26.43 28.76 NOTE
r-devel-linux-x86_64-fedora-clang 1.0.0 58.68 NOTE
r-devel-linux-x86_64-fedora-gcc 1.0.0 59.63 NOTE
r-devel-windows-x86_64 1.0.0 9.00 63.00 72.00 NOTE
r-patched-linux-x86_64 1.0.0 3.03 32.41 35.44 NOTE
r-release-linux-x86_64 1.0.0 3.13 32.77 35.90 NOTE
r-release-macos-arm64 1.0.0 17.00 NOTE
r-release-macos-x86_64 1.0.0 26.00 NOTE
r-release-windows-x86_64 1.0.0 10.00 60.00 70.00 NOTE
r-oldrel-macos-arm64 1.0.0 22.00 NOTE
r-oldrel-macos-x86_64 1.0.0 43.00 NOTE
r-oldrel-windows-ix86+x86_64 1.0.0 7.00 57.00 64.00 NOTE

Check Details

Version: 1.0.0
Check: LazyData
Result: NOTE
     'LazyData' is specified without a 'data' directory
Flavors: r-devel-linux-x86_64-debian-clang, r-devel-linux-x86_64-debian-gcc, r-devel-linux-x86_64-fedora-clang, r-devel-linux-x86_64-fedora-gcc, r-devel-windows-x86_64, r-patched-linux-x86_64, r-release-linux-x86_64, r-release-macos-arm64, r-release-macos-x86_64, r-release-windows-x86_64, r-oldrel-macos-arm64, r-oldrel-macos-x86_64, r-oldrel-windows-ix86+x86_64