CRAN Package Check Results for Package HMMmlselect

Last updated on 2022-09-27 23:55:35 CEST.

Flavor Version Tinstall Tcheck Ttotal Status Flags
r-devel-linux-x86_64-debian-clang 0.1.6 28.99 100.71 129.70 NOTE
r-devel-linux-x86_64-debian-gcc 0.1.6 26.66 76.16 102.82 NOTE
r-devel-linux-x86_64-fedora-clang 0.1.6 179.96 NOTE
r-devel-linux-x86_64-fedora-gcc 0.1.6 172.63 NOTE
r-devel-windows-x86_64 0.1.6 49.00 158.00 207.00 NOTE
r-patched-linux-x86_64 0.1.6 25.45 95.13 120.58 NOTE
r-release-linux-x86_64 0.1.6 28.85 95.03 123.88 NOTE
r-release-macos-arm64 0.1.6 63.00 NOTE
r-release-macos-x86_64 0.1.6 63.00 NOTE
r-release-windows-x86_64 0.1.6 47.00 156.00 203.00 NOTE
r-oldrel-macos-arm64 0.1.6 55.00 NOTE
r-oldrel-macos-x86_64 0.1.6 72.00 NOTE
r-oldrel-windows-ix86+x86_64 0.1.6 74.00 191.00 265.00 NOTE

Check Details

Version: 0.1.6
Check: LazyData
Result: NOTE
     'LazyData' is specified without a 'data' directory
Flavors: r-devel-linux-x86_64-debian-clang, r-devel-linux-x86_64-debian-gcc, r-devel-linux-x86_64-fedora-clang, r-devel-linux-x86_64-fedora-gcc, r-devel-windows-x86_64, r-patched-linux-x86_64, r-release-linux-x86_64, r-release-macos-arm64, r-release-macos-x86_64, r-release-windows-x86_64, r-oldrel-macos-arm64, r-oldrel-macos-x86_64, r-oldrel-windows-ix86+x86_64