CRAN Package Check Results for Package HMB

Last updated on 2022-11-28 22:51:25 CET.

Flavor Version Tinstall Tcheck Ttotal Status Flags
r-devel-linux-x86_64-debian-clang 1.1 132.06 36.52 168.58 OK
r-devel-linux-x86_64-debian-gcc 1.1 102.67 29.02 131.69 OK
r-devel-linux-x86_64-fedora-clang 1.1 272.53 OK
r-devel-linux-x86_64-fedora-gcc 1.1 236.29 OK
r-devel-windows-x86_64 1.1 184.00 85.00 269.00 NOTE
r-patched-linux-x86_64 1.1 104.99 33.74 138.73 OK
r-release-linux-x86_64 1.1 109.51 34.21 143.72 OK
r-release-macos-arm64 1.1 52.00 NOTE
r-release-macos-x86_64 1.1 71.00 NOTE
r-release-windows-x86_64 1.1 110.00 88.00 198.00 NOTE
r-oldrel-macos-arm64 1.1 63.00 NOTE
r-oldrel-macos-x86_64 1.1 150.00 NOTE
r-oldrel-windows-ix86+x86_64 1.1 333.00 85.00 418.00 NOTE

Check Details

Version: 1.1
Check: installed package size
Result: NOTE
     installed size is 5.0Mb
     sub-directories of 1Mb or more:
     data 3.5Mb
     libs 1.3Mb
Flavors: r-devel-windows-x86_64, r-release-macos-arm64, r-release-macos-x86_64, r-release-windows-x86_64, r-oldrel-macos-arm64, r-oldrel-macos-x86_64, r-oldrel-windows-ix86+x86_64