CRAN Package Check Results for Package HDPenReg

Last updated on 2022-01-19 23:49:00 CET.

Flavor Version Tinstall Tcheck Ttotal Status Flags
r-devel-linux-x86_64-debian-clang 0.94.7 OK
r-devel-linux-x86_64-debian-gcc 0.94.7 272.58 89.97 362.55 OK
r-devel-linux-x86_64-fedora-clang 0.94.7 571.38 NOTE
r-devel-linux-x86_64-fedora-gcc 0.94.7 626.12 OK
r-devel-windows-x86_64-new-UL 0.94.7 261.00 165.00 426.00 OK
r-devel-windows-x86_64-new-TK 0.94.7 OK
r-patched-linux-x86_64 0.94.7 310.20 103.91 414.11 OK
r-release-linux-x86_64 0.94.7 OK
r-release-macos-arm64 0.94.7 NOTE
r-release-macos-x86_64 0.94.7 NOTE
r-release-windows-ix86+x86_64 0.94.7 721.00 186.00 907.00 OK
r-oldrel-macos-x86_64 0.94.7 NOTE
r-oldrel-windows-ix86+x86_64 0.94.7 719.00 183.00 902.00 OK

Check Details

Version: 0.94.7
Check: installed package size
Result: NOTE
     installed size is 17.0Mb
     sub-directories of 1Mb or more:
     libs 16.6Mb
Flavors: r-devel-linux-x86_64-fedora-clang, r-release-macos-arm64, r-release-macos-x86_64, r-oldrel-macos-x86_64