CRAN Package Check Results for Package HCTR

Last updated on 2022-06-28 23:54:06 CEST.

Flavor Version Tinstall Tcheck Ttotal Status Flags
r-devel-linux-x86_64-debian-clang 0.1.1 7.10 82.36 89.46 NOTE
r-devel-linux-x86_64-debian-gcc 0.1.1 5.99 63.39 69.38 NOTE
r-devel-linux-x86_64-fedora-clang 0.1.1 126.22 NOTE
r-devel-linux-x86_64-fedora-gcc 0.1.1 119.37 NOTE
r-devel-windows-x86_64 0.1.1 13.00 111.00 124.00 NOTE
r-patched-linux-x86_64 0.1.1 9.38 81.49 90.87 NOTE
r-release-linux-x86_64 0.1.1 8.34 80.61 88.95 NOTE
r-release-macos-arm64 0.1.1 34.00 NOTE
r-release-macos-x86_64 0.1.1 50.00 NOTE
r-release-windows-x86_64 0.1.1 15.00 110.00 125.00 NOTE
r-oldrel-macos-arm64 0.1.1 40.00 NOTE
r-oldrel-macos-x86_64 0.1.1 53.00 NOTE
r-oldrel-windows-ix86+x86_64 0.1.1 21.00 102.00 123.00 NOTE

Check Details

Version: 0.1.1
Check: LazyData
Result: NOTE
     'LazyData' is specified without a 'data' directory
Flavors: r-devel-linux-x86_64-debian-clang, r-devel-linux-x86_64-debian-gcc, r-devel-linux-x86_64-fedora-clang, r-devel-linux-x86_64-fedora-gcc, r-devel-windows-x86_64, r-patched-linux-x86_64, r-release-linux-x86_64, r-release-macos-arm64, r-release-macos-x86_64, r-release-windows-x86_64, r-oldrel-macos-arm64, r-oldrel-macos-x86_64, r-oldrel-windows-ix86+x86_64