CRAN Package Check Results for Package HARtools

Last updated on 2019-07-15 00:50:33 CEST.

Flavor Version Tinstall Tcheck Ttotal Status Flags
r-devel-linux-x86_64-debian-clang 0.0.5 2.37 28.09 30.46 OK
r-devel-linux-x86_64-debian-gcc 0.0.5 2.21 22.82 25.03 OK
r-devel-linux-x86_64-fedora-clang 0.0.5 37.28 OK
r-devel-linux-x86_64-fedora-gcc 0.0.5 36.11 OK
r-devel-windows-ix86+x86_64 0.0.5 6.00 46.00 52.00 OK
r-patched-linux-x86_64 0.0.5 2.93 28.01 30.94 OK
r-patched-solaris-x86 0.0.5 58.70 WARN
r-release-linux-x86_64 0.0.5 2.79 27.66 30.45 OK
r-release-windows-ix86+x86_64 0.0.5 7.00 70.00 77.00 OK
r-release-osx-x86_64 0.0.5 WARN
r-oldrel-windows-ix86+x86_64 0.0.5 6.00 64.00 70.00 OK
r-oldrel-osx-x86_64 0.0.5 WARN

Check Details

Version: 0.0.5
Check: re-building of vignette outputs
Result: WARN
    Error(s) in re-building vignettes:
     ...
    --- re-building ‘Basic_use.Rmd’ using rmarkdown
    Warning in engine$weave(file, quiet = quiet, encoding = enc) :
     Pandoc (>= 1.12.3) and/or pandoc-citeproc not available. Falling back to R Markdown v1.
    Quitting from lines 122-128 (Basic_use.Rmd)
    Error: processing vignette 'Basic_use.Rmd' failed with diagnostics:
    there is no package called 'webshot'
    --- failed re-building ‘Basic_use.Rmd’
    
    SUMMARY: processing the following file failed:
     ‘Basic_use.Rmd’
    
    Error: Vignette re-building failed.
    Execution halted
Flavor: r-patched-solaris-x86

Version: 0.0.5
Check: re-building of vignette outputs
Result: WARN
    Error(s) in re-building vignettes:
     ...
    --- re-building ‘Basic_use.Rmd’ using rmarkdown
    Warning in engine$weave(file, quiet = quiet, encoding = enc) :
     Pandoc (>= 1.12.3) and/or pandoc-citeproc not available. Falling back to R Markdown v1.
    Quitting from lines 122-128 (Basic_use.Rmd)
    Error: processing vignette 'Basic_use.Rmd' failed with diagnostics:
    cannot open the connection
    --- failed re-building ‘Basic_use.Rmd’
    
    SUMMARY: processing the following file failed:
     ‘Basic_use.Rmd’
    
    Error: Vignette re-building failed.
    Execution halted
Flavor: r-release-osx-x86_64

Version: 0.0.5
Check: re-building of vignette outputs
Result: WARN
    Error in re-building vignettes:
     ...
    Warning in engine$weave(file, quiet = quiet, encoding = enc) :
     Pandoc (>= 1.12.3) and/or pandoc-citeproc not available. Falling back to R Markdown v1.
    Quitting from lines 122-128 (Basic_use.Rmd)
    Error: processing vignette 'Basic_use.Rmd' failed with diagnostics:
    cannot open the connection
    Execution halted
Flavor: r-oldrel-osx-x86_64