Last updated on 2023-09-21 00:56:33 CEST.
Flavor | Version | Tinstall | Tcheck | Ttotal | Status | Flags |
---|---|---|---|---|---|---|
r-devel-linux-x86_64-debian-clang | 1.0 | 61.59 | 78.40 | 139.99 | NOTE | |
r-devel-linux-x86_64-debian-gcc | 1.0 | 40.09 | 59.60 | 99.69 | NOTE | |
r-devel-linux-x86_64-fedora-clang | 1.0 | 194.36 | NOTE | |||
r-devel-linux-x86_64-fedora-gcc | 1.0 | 199.80 | NOTE | |||
r-devel-windows-x86_64 | 1.0 | 47.00 | 110.00 | 157.00 | NOTE | |
r-patched-linux-x86_64 | 1.0 | 56.28 | 77.18 | 133.46 | NOTE | |
r-release-linux-x86_64 | 1.0 | 60.19 | 77.39 | 137.58 | NOTE | |
r-release-macos-arm64 | 1.0 | 52.00 | NOTE | |||
r-release-macos-x86_64 | 1.0 | 89.00 | NOTE | |||
r-release-windows-x86_64 | 1.0 | 65.00 | 117.00 | 182.00 | NOTE | |
r-oldrel-macos-arm64 | 1.0 | 53.00 | OK | |||
r-oldrel-macos-x86_64 | 1.0 | 67.00 | OK | |||
r-oldrel-windows-x86_64 | 1.0 | 61.00 | 116.00 | 177.00 | OK |
Version: 1.0
Check: C++ specification
Result: NOTE
Specified C++11: please drop specification unless essential
Flavors: r-devel-linux-x86_64-debian-clang, r-devel-linux-x86_64-debian-gcc, r-devel-linux-x86_64-fedora-clang, r-devel-linux-x86_64-fedora-gcc, r-devel-windows-x86_64, r-patched-linux-x86_64, r-release-linux-x86_64, r-release-macos-arm64, r-release-macos-x86_64, r-release-windows-x86_64