CRAN Package Check Results for Package GpGp

Last updated on 2021-03-02 23:48:32 CET.

Flavor Version Tinstall Tcheck Ttotal Status Flags
r-devel-linux-x86_64-debian-clang 0.3.2 OK
r-devel-linux-x86_64-debian-gcc 0.3.2 51.85 47.88 99.73 OK
r-devel-linux-x86_64-fedora-clang 0.3.2 200.72 NOTE
r-devel-linux-x86_64-fedora-gcc 0.3.2 173.97 OK
r-devel-windows-ix86+x86_64 0.3.2 160.00 139.00 299.00 OK
r-patched-linux-x86_64 0.3.2 61.09 62.11 123.20 OK
r-patched-solaris-x86 0.3.2 217.00 ERROR
r-release-linux-x86_64 0.3.2 66.20 61.84 128.04 OK
r-release-macos-x86_64 0.3.2 NOTE
r-release-windows-ix86+x86_64 0.3.2 124.00 106.00 230.00 OK
r-oldrel-macos-x86_64 0.3.2 NOTE
r-oldrel-windows-ix86+x86_64 0.3.2 143.00 130.00 273.00 OK

Check Details

Version: 0.3.2
Check: installed package size
Result: NOTE
     installed size is 8.2Mb
     sub-directories of 1Mb or more:
     data 1.4Mb
     libs 6.5Mb
Flavors: r-devel-linux-x86_64-fedora-clang, r-release-macos-x86_64, r-oldrel-macos-x86_64

Version: 0.3.2
Check: tests
Result: ERROR
     Running ‘testthat.R’ [19s/19s]
    Running the tests in ‘tests/testthat.R’ failed.
    Complete output:
     > library(testthat)
     > library(GpGp)
     >
     > test_check("GpGp")
    
     warning: solve(): system seems singular; attempting approx solution
    
     warning: solve(): system seems singular; attempting approx solution
    
     warning: solve(): system seems singular; attempting approx solution
    
     warning: solve(): system seems singular; attempting approx solution
    
     warning: solve(): system seems singular; attempting approx solution
    
     warning: solve(): system seems singular; attempting approx solution
    
     warning: solve(): system seems singular; attempting approx solution
    
     warning: solve(): system seems singular; attempting approx solution
    
     warning: solve(): system seems singular; attempting approx solution
    
     warning: solve(): system seems singular; attempting approx solution
    
     warning: solve(): system seems singular; attempting approx solution
    
     warning: solve(): system seems singular; attempting approx solution
    
     warning: solve(): system seems singular; attempting approx solution
    
     warning: solve(): system seems singular; attempting approx solution
    
     warning: solve(): system seems singular; attempting approx solution
    
     warning: solve(): system seems singular; attempting approx solution
    
     warning: solve(): system seems singular; attempting approx solution
    
     warning: solve(): system seems singular; attempting approx solution
     ══ Failed tests ════════════════════════════════════════════════════════════════
     ── Failure (test_loglik.R:33:5): likelihood approximations are exact when m = n-1 ──
     llobj$loglik not equal to `ll_exact`.
     1/1 mismatches
     [1] 217 - 62.7 == 155
     ── Failure (test_loglik.R:39:5): likelihood approximations are exact when m = n-1 ──
     llobj$loglik not equal to `ll_exact`.
     1/1 mismatches
     [1] 217 - 62.7 == 155
    
     [ FAIL 2 | WARN 0 | SKIP 0 | PASS 109 ]
     Error: Test failures
     Execution halted
Flavor: r-patched-solaris-x86