Last updated on 2022-08-16 23:57:22 CEST.
Flavor | Version | Tinstall | Tcheck | Ttotal | Status | Flags |
---|---|---|---|---|---|---|
r-devel-linux-x86_64-debian-clang | 0.92 | 11.47 | 109.82 | 121.29 | OK | |
r-devel-linux-x86_64-debian-gcc | 0.92 | 9.11 | 80.68 | 89.79 | OK | |
r-devel-linux-x86_64-fedora-clang | 0.92 | 151.99 | NOTE | |||
r-devel-linux-x86_64-fedora-gcc | 0.92 | 163.26 | OK | |||
r-devel-windows-x86_64 | 0.92 | 16.00 | 129.00 | 145.00 | OK | |
r-patched-linux-x86_64 | 0.92 | 12.34 | 102.04 | 114.38 | OK | |
r-release-linux-x86_64 | 0.92 | 10.72 | 103.56 | 114.28 | OK | |
r-release-macos-arm64 | 0.92 | 40.00 | OK | |||
r-release-macos-x86_64 | 0.92 | 75.00 | OK | |||
r-release-windows-x86_64 | 0.92 | 17.00 | 127.00 | 144.00 | OK | |
r-oldrel-macos-arm64 | 0.92 | 44.00 | OK | |||
r-oldrel-macos-x86_64 | 0.92 | 56.00 | OK | |||
r-oldrel-windows-ix86+x86_64 | 0.92 | 29.00 | 120.00 | 149.00 | OK |
Version: 0.92
Check: Rd cross-references
Result: NOTE
Undeclared package ‘goftest’ in Rd xrefs
Flavor: r-devel-linux-x86_64-fedora-clang