CRAN Package Check Results for Package Gifi

Last updated on 2023-06-10 00:54:46 CEST.

Flavor Version Tinstall Tcheck Ttotal Status Flags
r-devel-linux-x86_64-debian-clang 0.4-0 5.94 58.84 64.78 OK
r-devel-linux-x86_64-debian-gcc 0.4-0 4.85 43.24 48.09 OK
r-devel-linux-x86_64-fedora-clang 0.4-0 78.07 OK
r-devel-linux-x86_64-fedora-gcc 0.4-0 74.43 OK
r-devel-windows-x86_64 0.4-0 8.00 64.00 72.00 OK
r-patched-linux-x86_64 0.4-0 6.01 54.54 60.55 OK
r-release-linux-x86_64 0.4-0 5.69 55.06 60.75 OK
r-release-macos-arm64 0.4-0 26.00 OK
r-release-macos-x86_64 0.4-0 41.00 NOTE
r-release-windows-x86_64 0.4-0 10.00 75.00 85.00 OK
r-oldrel-macos-arm64 0.4-0 26.00 OK
r-oldrel-macos-x86_64 0.4-0 36.00 OK
r-oldrel-windows-x86_64 0.4-0 14.00 84.00 98.00 OK

Check Details

Version: 0.4-0
Check: package dependencies
Result: NOTE
    Packages suggested but not available for checking: 'psych', 'psychTools'
Flavor: r-release-macos-x86_64