CRAN Package Check Results for Package GerminaR

Last updated on 2019-10-20 23:47:25 CEST.

Flavor Version Tinstall Tcheck Ttotal Status Flags
r-devel-linux-x86_64-debian-clang 1.3 11.92 105.19 117.11 OK
r-devel-linux-x86_64-debian-gcc 1.3 10.91 82.62 93.53 OK
r-devel-linux-x86_64-fedora-clang 1.3 148.47 NOTE
r-devel-linux-x86_64-fedora-gcc 1.3 144.10 NOTE
r-devel-windows-ix86+x86_64 1.3 30.00 121.00 151.00 OK
r-patched-linux-x86_64 1.3 11.61 102.61 114.22 OK
r-patched-solaris-x86 1.3 217.00 NOTE
r-release-linux-x86_64 1.3 11.96 102.77 114.73 OK
r-release-windows-ix86+x86_64 1.3 37.00 112.00 149.00 OK
r-release-osx-x86_64 1.3 NOTE
r-oldrel-windows-ix86+x86_64 1.3 21.00 113.00 134.00 OK
r-oldrel-osx-x86_64 1.3 NOTE

Check Details

Version: 1.3
Check: dependencies in R code
Result: NOTE
    Namespaces in Imports field not imported from:
     ‘DT’ ‘shinydashboard’
     All declared Imports should be used.
Flavors: r-devel-linux-x86_64-fedora-clang, r-devel-linux-x86_64-fedora-gcc, r-patched-solaris-x86, r-release-osx-x86_64, r-oldrel-osx-x86_64