CRAN Package Check Results for Package GerminaR

Last updated on 2019-07-15 00:50:32 CEST.

Flavor Version Tinstall Tcheck Ttotal Status Flags
r-devel-linux-x86_64-debian-clang 1.3 12.88 102.89 115.77 OK
r-devel-linux-x86_64-debian-gcc 1.3 10.09 81.69 91.78 OK
r-devel-linux-x86_64-fedora-clang 1.3 140.07 NOTE
r-devel-linux-x86_64-fedora-gcc 1.3 137.76 NOTE
r-devel-windows-ix86+x86_64 1.3 23.00 120.00 143.00 OK
r-patched-linux-x86_64 1.3 12.03 102.32 114.35 OK
r-patched-solaris-x86 1.3 223.40 NOTE
r-release-linux-x86_64 1.3 12.32 101.09 113.41 OK
r-release-windows-ix86+x86_64 1.3 22.00 118.00 140.00 OK
r-release-osx-x86_64 1.3 NOTE
r-oldrel-windows-ix86+x86_64 1.3 24.00 164.00 188.00 OK
r-oldrel-osx-x86_64 1.3 NOTE

Check Details

Version: 1.3
Check: dependencies in R code
Result: NOTE
    Namespaces in Imports field not imported from:
     ‘DT’ ‘shinydashboard’
     All declared Imports should be used.
Flavors: r-devel-linux-x86_64-fedora-clang, r-devel-linux-x86_64-fedora-gcc, r-patched-solaris-x86, r-release-osx-x86_64, r-oldrel-osx-x86_64