CRAN Package Check Results for Package GenomeAdmixR

Last updated on 2022-12-07 23:55:13 CET.

Flavor Version Tinstall Tcheck Ttotal Status Flags
r-devel-linux-x86_64-debian-clang 2.1.7 104.42 358.57 462.99 OK
r-devel-linux-x86_64-debian-gcc 2.1.7 88.07 266.13 354.20 OK
r-devel-linux-x86_64-fedora-clang 2.1.7 612.69 NOTE
r-devel-linux-x86_64-fedora-gcc 2.1.7 571.58 NOTE
r-devel-windows-x86_64 2.1.7 167.00 391.00 558.00 OK
r-patched-linux-x86_64 2.1.7 95.75 335.32 431.07 OK
r-release-linux-x86_64 2.1.7 91.00 337.46 428.46 OK
r-release-macos-arm64 2.1.7 124.00 NOTE
r-release-macos-x86_64 2.1.7 299.00 NOTE
r-release-windows-x86_64 2.1.7 165.00 385.00 550.00 OK
r-oldrel-macos-arm64 2.1.7 147.00 NOTE
r-oldrel-macos-x86_64 2.1.7 195.00 NOTE
r-oldrel-windows-ix86+x86_64 2.1.7 269.00 527.00 796.00 NOTE

Check Details

Version: 2.1.7
Check: dependencies in R code
Result: NOTE
    Namespace in Imports field not imported from: ‘methods’
     All declared Imports should be used.
Flavors: r-devel-linux-x86_64-fedora-clang, r-devel-linux-x86_64-fedora-gcc, r-release-macos-arm64, r-release-macos-x86_64, r-oldrel-macos-arm64, r-oldrel-macos-x86_64

Version: 2.1.7
Check: installed package size
Result: NOTE
     installed size is 6.8Mb
     sub-directories of 1Mb or more:
     doc 2.0Mb
     libs 4.3Mb
Flavors: r-release-macos-arm64, r-release-macos-x86_64, r-oldrel-macos-arm64, r-oldrel-macos-x86_64, r-oldrel-windows-ix86+x86_64