CRAN Package Check Results for Package GenKern

Last updated on 2019-12-08 23:47:23 CET.

Flavor Version Tinstall Tcheck Ttotal Status Flags
r-devel-linux-x86_64-debian-clang 1.2-60 3.08 20.28 23.36 NOTE
r-devel-linux-x86_64-debian-gcc 1.2-60 2.47 16.25 18.72 NOTE
r-devel-linux-x86_64-fedora-clang 1.2-60 29.41 NOTE
r-devel-linux-x86_64-fedora-gcc 1.2-60 27.14 NOTE
r-devel-windows-ix86+x86_64 1.2-60 10.00 44.00 54.00 NOTE
r-devel-windows-ix86+x86_64-gcc8 1.2-60 10.00 43.00 53.00 NOTE
r-patched-linux-x86_64 1.2-60 2.40 18.92 21.32 NOTE
r-patched-solaris-x86 1.2-60 40.00 NOTE
r-release-linux-x86_64 1.2-60 2.56 18.76 21.32 NOTE
r-release-windows-ix86+x86_64 1.2-60 15.00 40.00 55.00 NOTE
r-release-osx-x86_64 1.2-60 NOTE
r-oldrel-windows-ix86+x86_64 1.2-60 7.00 37.00 44.00 NOTE
r-oldrel-osx-x86_64 1.2-60 NOTE

Check Details

Version: 1.2-60
Check: DESCRIPTION meta-information
Result: NOTE
    Malformed Description field: should contain one or more complete sentences.
Flavors: r-devel-linux-x86_64-debian-clang, r-devel-linux-x86_64-debian-gcc, r-devel-linux-x86_64-fedora-clang, r-devel-linux-x86_64-fedora-gcc, r-devel-windows-ix86+x86_64, r-devel-windows-ix86+x86_64-gcc8, r-patched-linux-x86_64, r-patched-solaris-x86, r-release-linux-x86_64, r-release-windows-ix86+x86_64, r-release-osx-x86_64, r-oldrel-windows-ix86+x86_64, r-oldrel-osx-x86_64

Version: 1.2-60
Check: dependencies in R code
Result: NOTE
    Package in Depends field not imported from: 'KernSmooth'
     These packages need to be imported from (in the NAMESPACE file)
     for when this namespace is loaded but not attached.
Flavors: r-devel-linux-x86_64-debian-clang, r-devel-linux-x86_64-debian-gcc, r-devel-linux-x86_64-fedora-clang, r-devel-linux-x86_64-fedora-gcc, r-devel-windows-ix86+x86_64, r-devel-windows-ix86+x86_64-gcc8, r-patched-linux-x86_64, r-patched-solaris-x86, r-release-linux-x86_64, r-release-windows-ix86+x86_64, r-release-osx-x86_64, r-oldrel-windows-ix86+x86_64, r-oldrel-osx-x86_64

Version: 1.2-60
Check: R code for possible problems
Result: NOTE
    KernSec: no visible global function definition for 'na.omit'
    KernSur: no visible global function definition for 'na.fail'
    KernSur: no visible global function definition for 'na.omit'
    bandwidthselect: no visible global function definition for 'na.omit'
    bandwidthselect: no visible global function definition for 'dpik'
    correlationselect: no visible global function definition for 'cor'
    nearest: no visible global function definition for 'na.fail'
    nearest: no visible global function definition for 'na.omit'
    per: no visible global function definition for 'na.fail'
    Undefined global functions or variables:
     cor dpik na.fail na.omit
    Consider adding
     importFrom("stats", "cor", "na.fail", "na.omit")
    to your NAMESPACE file.
Flavors: r-devel-linux-x86_64-debian-clang, r-devel-linux-x86_64-debian-gcc, r-devel-linux-x86_64-fedora-clang, r-devel-linux-x86_64-fedora-gcc, r-devel-windows-ix86+x86_64, r-devel-windows-ix86+x86_64-gcc8, r-patched-linux-x86_64, r-patched-solaris-x86, r-release-linux-x86_64, r-release-windows-ix86+x86_64, r-release-osx-x86_64, r-oldrel-windows-ix86+x86_64, r-oldrel-osx-x86_64

Version: 1.2-60
Check: compiled code
Result: NOTE
    File ‘GenKern/libs/GenKern.so’:
     Found no calls to: ‘R_registerRoutines’, ‘R_useDynamicSymbols’
    
    It is good practice to register native routines and to disable symbol
    search.
    
    See ‘Writing portable packages’ in the ‘Writing R Extensions’ manual.
Flavors: r-devel-linux-x86_64-fedora-clang, r-devel-linux-x86_64-fedora-gcc