Last updated on 2022-07-01 23:53:23 CEST.
Flavor | Version | Tinstall | Tcheck | Ttotal | Status | Flags |
---|---|---|---|---|---|---|
r-devel-linux-x86_64-debian-clang | 0.2.4 | 253.12 | 123.30 | 376.42 | OK | |
r-devel-linux-x86_64-debian-gcc | 0.2.4 | 196.71 | 87.41 | 284.12 | OK | |
r-devel-linux-x86_64-fedora-clang | 0.2.4 | 561.20 | NOTE | |||
r-devel-linux-x86_64-fedora-gcc | 0.2.4 | 439.41 | OK | |||
r-devel-windows-x86_64 | 0.2.4 | 208.00 | 178.00 | 386.00 | OK | |
r-patched-linux-x86_64 | 0.2.4 | 214.11 | 117.49 | 331.60 | OK | |
r-release-linux-x86_64 | 0.2.4 | 209.31 | 115.13 | 324.44 | OK | |
r-release-macos-arm64 | 0.2.4 | 108.00 | NOTE | |||
r-release-macos-x86_64 | 0.2.4 | 143.00 | NOTE | |||
r-release-windows-x86_64 | 0.2.4 | 206.00 | 179.00 | 385.00 | OK | |
r-oldrel-macos-arm64 | 0.2.4 | 121.00 | NOTE | |||
r-oldrel-macos-x86_64 | 0.2.4 | 213.00 | NOTE | |||
r-oldrel-windows-ix86+x86_64 | 0.2.4 | 601.00 | 247.00 | 848.00 | OK |
Version: 0.2.4
Check: installed package size
Result: NOTE
installed size is 5.8Mb
sub-directories of 1Mb or more:
libs 4.4Mb
Flavors: r-devel-linux-x86_64-fedora-clang, r-release-macos-arm64, r-release-macos-x86_64, r-oldrel-macos-arm64, r-oldrel-macos-x86_64