CRAN Package Check Results for Package GWmodel

Last updated on 2021-02-23 23:50:36 CET.

Flavor Version Tinstall Tcheck Ttotal Status Flags
r-devel-linux-x86_64-debian-clang 2.2-4 77.78 234.03 311.81 OK
r-devel-linux-x86_64-debian-gcc 2.2-4 61.09 172.21 233.30 OK
r-devel-linux-x86_64-fedora-clang 2.2-4 438.38 NOTE
r-devel-linux-x86_64-fedora-gcc 2.2-4 400.54 OK
r-devel-windows-ix86+x86_64 2.2-3 148.00 304.00 452.00 NOTE
r-patched-linux-x86_64 2.2-4 70.41 212.73 283.14 OK
r-patched-solaris-x86 2.2-4 449.00 OK
r-release-linux-x86_64 2.2-4 69.41 212.51 281.92 OK
r-release-macos-x86_64 2.2-4 NOTE
r-release-windows-ix86+x86_64 2.2-3 135.00 271.00 406.00 NOTE
r-oldrel-macos-x86_64 2.2-4 NOTE
r-oldrel-windows-ix86+x86_64 2.2-3 110.00 252.00 362.00 OK

Check Details

Version: 2.2-4
Check: installed package size
Result: NOTE
     installed size is 7.5Mb
     sub-directories of 1Mb or more:
     data 1.5Mb
     libs 5.2Mb
Flavors: r-devel-linux-x86_64-fedora-clang, r-release-macos-x86_64, r-oldrel-macos-x86_64

Version: 2.2-3
Check: installed package size
Result: NOTE
     installed size is 5.1Mb
     sub-directories of 1Mb or more:
     data 1.5Mb
     libs 2.8Mb
Flavors: r-devel-windows-ix86+x86_64, r-release-windows-ix86+x86_64