CRAN Package Check Results for Package GWEX

Last updated on 2019-07-22 06:47:39 CEST.

Flavor Version Tinstall Tcheck Ttotal Status Flags
r-devel-linux-x86_64-debian-clang 1.0.1 5.58 33.07 38.65 OK
r-devel-linux-x86_64-debian-gcc 1.0.1 4.67 26.51 31.18 OK
r-devel-linux-x86_64-fedora-clang 1.0.1 45.03 NOTE
r-devel-linux-x86_64-fedora-gcc 1.0.1 44.00 NOTE
r-devel-windows-ix86+x86_64 1.0.1 15.00 105.00 120.00 OK
r-patched-linux-x86_64 1.0.1 5.49 32.67 38.16 OK
r-patched-solaris-x86 1.0.1 81.50 OK
r-release-linux-x86_64 1.0.1 5.55 33.12 38.67 OK
r-release-windows-ix86+x86_64 1.0.1 14.00 68.00 82.00 OK
r-release-osx-x86_64 1.0.1 OK
r-oldrel-windows-ix86+x86_64 1.0.1 19.00 70.00 89.00 OK
r-oldrel-osx-x86_64 1.0.1 OK

Check Details

Version: 1.0.1
Check: compiled code
Result: NOTE
    File ‘GWEX/libs/GWEX.so’:
     Found no calls to: ‘R_registerRoutines’, ‘R_useDynamicSymbols’
    
    It is good practice to register native routines and to disable symbol
    search.
    
    See ‘Writing portable packages’ in the ‘Writing R Extensions’ manual.
Flavors: r-devel-linux-x86_64-fedora-clang, r-devel-linux-x86_64-fedora-gcc