CRAN Package Check Results for Package GWASExactHW

Last updated on 2022-12-02 23:50:29 CET.

Flavor Version Tinstall Tcheck Ttotal Status Flags
r-devel-linux-x86_64-debian-clang 1.01 2.45 20.93 23.38 OK
r-devel-linux-x86_64-debian-gcc 1.01 2.00 16.32 18.32 OK
r-devel-linux-x86_64-fedora-clang 1.01 39.12 NOTE
r-devel-linux-x86_64-fedora-gcc 1.01 38.06 NOTE
r-devel-windows-x86_64 1.01 18.00 45.00 63.00 OK
r-patched-linux-x86_64 1.01 2.47 20.28 22.75 OK
r-release-linux-x86_64 1.01 1.99 20.62 22.61 OK
r-release-macos-arm64 1.01 15.00 OK
r-release-macos-x86_64 1.01 21.00 OK
r-release-windows-x86_64 1.01 8.00 42.00 50.00 OK
r-oldrel-macos-arm64 1.01 18.00 OK
r-oldrel-macos-x86_64 1.01 30.00 OK
r-oldrel-windows-ix86+x86_64 1.01 7.00 37.00 44.00 OK

Check Details

Version: 1.01
Check: compiled code
Result: NOTE
    File ‘GWASExactHW/libs/GWASExactHW.so’:
     Found no calls to: ‘R_registerRoutines’, ‘R_useDynamicSymbols’
    
    It is good practice to register native routines and to disable symbol
    search.
    
    See ‘Writing portable packages’ in the ‘Writing R Extensions’ manual.
Flavors: r-devel-linux-x86_64-fedora-clang, r-devel-linux-x86_64-fedora-gcc