CRAN Package Check Results for Package GSM

Last updated on 2022-06-25 23:56:19 CEST.

Flavor Version Tinstall Tcheck Ttotal Status Flags
r-devel-linux-x86_64-debian-clang 1.3.2 3.57 187.98 191.55 OK
r-devel-linux-x86_64-debian-gcc 1.3.2 2.58 135.34 137.92 OK
r-devel-linux-x86_64-fedora-clang 1.3.2 242.85 WARN
r-devel-linux-x86_64-fedora-gcc 1.3.2 233.18 WARN
r-devel-windows-x86_64 1.3.2 17.00 248.00 265.00 OK
r-patched-linux-x86_64 1.3.2 2.69 181.21 183.90 OK
r-release-linux-x86_64 1.3.2 3.11 180.91 184.02 OK
r-release-macos-arm64 1.3.2 63.00 OK
r-release-macos-x86_64 1.3.2 97.00 OK
r-release-windows-x86_64 1.3.2 15.00 247.00 262.00 OK
r-oldrel-macos-arm64 1.3.2 74.00 OK
r-oldrel-macos-x86_64 1.3.2 170.00 OK
r-oldrel-windows-ix86+x86_64 1.3.2 9.00 254.00 263.00 OK

Check Details

Version: 1.3.2
Check: package dependencies
Result: WARN
    Requires orphaned package: ‘gtools’
Flavors: r-devel-linux-x86_64-fedora-clang, r-devel-linux-x86_64-fedora-gcc