CRAN Package Check Results for Package GSIF

Last updated on 2019-09-15 23:46:21 CEST.

Flavor Version Tinstall Tcheck Ttotal Status Flags
r-devel-linux-x86_64-debian-clang 0.5-5 39.17 232.78 271.95 NOTE
r-devel-linux-x86_64-debian-gcc 0.5-5 35.70 178.87 214.57 NOTE
r-devel-linux-x86_64-fedora-clang 0.5-5 320.46 NOTE
r-devel-linux-x86_64-fedora-gcc 0.5-5 316.28 NOTE
r-devel-windows-ix86+x86_64 0.5-5 91.00 340.00 431.00 OK
r-patched-linux-x86_64 0.5-5 34.80 221.98 256.78 OK
r-patched-solaris-x86 0.5-5 474.50 OK
r-release-linux-x86_64 0.5-5 36.61 220.89 257.50 OK
r-release-windows-ix86+x86_64 0.5-5 59.00 247.00 306.00 OK
r-release-osx-x86_64 0.5-5 OK
r-oldrel-windows-ix86+x86_64 0.5-5 63.00 208.00 271.00 OK
r-oldrel-osx-x86_64 0.5-5 OK

Check Details

Version: 0.5-5
Check: for non-standard things in the check directory
Result: NOTE
    Found the following files/directories:
     'ORCDRC.txt'
Flavors: r-devel-linux-x86_64-debian-clang, r-devel-linux-x86_64-debian-gcc, r-devel-linux-x86_64-fedora-clang, r-devel-linux-x86_64-fedora-gcc