CRAN Package Check Results for Package GOxploreR

Last updated on 2022-08-08 23:52:58 CEST.

Flavor Version Tinstall Tcheck Ttotal Status Flags
r-devel-linux-x86_64-debian-clang 1.2.6 203.04 409.45 612.49 OK
r-devel-linux-x86_64-debian-gcc 1.2.6 173.09 306.76 479.85 OK
r-devel-linux-x86_64-fedora-clang 1.2.6 832.37 NOTE
r-devel-linux-x86_64-fedora-gcc 1.2.6 800.90 OK
r-devel-windows-x86_64 1.2.6 207.00 452.00 659.00 NOTE
r-patched-linux-x86_64 1.2.6 124.87 386.45 511.32 OK
r-release-linux-x86_64 1.2.6 OK
r-release-macos-arm64 1.2.6 221.00 NOTE
r-release-macos-x86_64 1.2.6 339.00 NOTE
r-release-windows-x86_64 1.2.6 212.00 454.00 666.00 NOTE
r-oldrel-macos-arm64 1.2.6 162.00 NOTE
r-oldrel-macos-x86_64 1.2.6 324.00 NOTE
r-oldrel-windows-ix86+x86_64 1.2.6 328.00 463.00 791.00 NOTE

Check Details

Version: 1.2.6
Check: installed package size
Result: NOTE
     installed size is 6.7Mb
     sub-directories of 1Mb or more:
     R 6.1Mb
Flavors: r-devel-linux-x86_64-fedora-clang, r-devel-windows-x86_64, r-release-macos-arm64, r-release-macos-x86_64, r-release-windows-x86_64, r-oldrel-macos-arm64, r-oldrel-macos-x86_64, r-oldrel-windows-ix86+x86_64