CRAN Package Check Results for Package GOxploreR

Last updated on 2021-04-21 23:48:03 CEST.

Flavor Version Tinstall Tcheck Ttotal Status Flags
r-devel-linux-x86_64-debian-clang 1.1.0 194.57 352.82 547.39 NOTE
r-devel-linux-x86_64-debian-gcc 1.1.0 177.73 259.54 437.27 NOTE
r-devel-linux-x86_64-fedora-clang 1.1.0 771.03 NOTE
r-devel-linux-x86_64-fedora-gcc 1.1.0 717.91 NOTE
r-devel-windows-ix86+x86_64 1.1.0 322.00 406.00 728.00 NOTE
r-devel-windows-x86_64-gcc10-UCRT 1.1.0 NOTE
r-patched-linux-x86_64 1.1.0 176.19 306.21 482.40 OK
r-patched-solaris-x86 1.1.0 1162.10 NOTE
r-release-linux-x86_64 1.1.0 174.37 306.36 480.73 OK
r-release-macos-x86_64 1.1.0 NOTE
r-release-windows-ix86+x86_64 1.1.0 323.00 419.00 742.00 NOTE
r-oldrel-macos-x86_64 1.1.0 ERROR
r-oldrel-windows-ix86+x86_64 1.1.0 294.00 356.00 650.00 NOTE

Additional issues

donttest

Check Details

Version: 1.1.0
Check: LazyData
Result: NOTE
     'LazyData' is specified without a 'data' directory
Flavors: r-devel-linux-x86_64-debian-clang, r-devel-linux-x86_64-debian-gcc, r-devel-linux-x86_64-fedora-clang, r-devel-linux-x86_64-fedora-gcc, r-devel-windows-ix86+x86_64, r-devel-windows-x86_64-gcc10-UCRT

Version: 1.1.0
Check: installed package size
Result: NOTE
     installed size is 6.9Mb
     sub-directories of 1Mb or more:
     R 6.3Mb
Flavors: r-devel-linux-x86_64-fedora-clang, r-devel-windows-ix86+x86_64, r-patched-solaris-x86, r-release-macos-x86_64, r-release-windows-ix86+x86_64, r-oldrel-windows-ix86+x86_64

Version: 1.1.0
Check: package dependencies
Result: ERROR
    Package required but not available: ‘GO.db’
    
    See section ‘The DESCRIPTION file’ in the ‘Writing R Extensions’
    manual.
Flavor: r-oldrel-macos-x86_64