Last updated on 2022-06-29 23:53:20 CEST.
Flavor | Version | Tinstall | Tcheck | Ttotal | Status | Flags |
---|---|---|---|---|---|---|
r-devel-linux-x86_64-debian-clang | 1.1.3 | 13.66 | 82.37 | 96.03 | OK | |
r-devel-linux-x86_64-debian-gcc | 1.1.3 | 14.12 | 61.21 | 75.33 | OK | |
r-devel-linux-x86_64-fedora-clang | 1.1.3 | 126.40 | NOTE | |||
r-devel-linux-x86_64-fedora-gcc | 1.1.3 | 127.92 | OK | |||
r-devel-windows-x86_64 | 1.1.3 | 23.00 | 96.00 | 119.00 | OK | |
r-patched-linux-x86_64 | 1.1.3 | 14.21 | 79.23 | 93.44 | OK | |
r-release-linux-x86_64 | 1.1.3 | 11.39 | 79.61 | 91.00 | OK | |
r-release-macos-arm64 | 1.1.3 | 31.00 | OK | |||
r-release-macos-x86_64 | 1.1.3 | 44.00 | OK | |||
r-release-windows-x86_64 | 1.1.3 | 29.00 | 94.00 | 123.00 | OK | |
r-oldrel-macos-arm64 | 1.1.3 | 38.00 | OK | |||
r-oldrel-macos-x86_64 | 1.1.3 | 63.00 | OK | |||
r-oldrel-windows-ix86+x86_64 | 1.1.3 | 27.00 | 100.00 | 127.00 | OK |
Version: 1.1.3
Check: Rd cross-references
Result: NOTE
Undeclared package ‘glmmLasso’ in Rd xrefs
Flavor: r-devel-linux-x86_64-fedora-clang