CRAN Package Check Results for Package GMKMcharlie

Last updated on 2021-02-25 23:48:59 CET.

Flavor Version Tinstall Tcheck Ttotal Status Flags
r-devel-linux-x86_64-debian-clang 1.1.1 171.90 67.66 239.56 NOTE
r-devel-linux-x86_64-debian-gcc 1.1.1 121.80 54.05 175.85 NOTE
r-devel-linux-x86_64-fedora-clang 1.1.1 360.81 NOTE
r-devel-linux-x86_64-fedora-gcc 1.1.1 314.00 NOTE
r-devel-windows-ix86+x86_64 1.1.1 295.00 128.00 423.00 NOTE
r-patched-linux-x86_64 1.1.1 144.35 68.23 212.58 NOTE
r-patched-solaris-x86 1.1.1 314.40 NOTE
r-release-linux-x86_64 1.1.1 142.34 67.58 209.92 NOTE
r-release-macos-x86_64 1.1.1 NOTE
r-release-windows-ix86+x86_64 1.1.1 385.00 157.00 542.00 NOTE
r-oldrel-macos-x86_64 1.1.1 NOTE
r-oldrel-windows-ix86+x86_64 1.1.1 278.00 115.00 393.00 NOTE

Check Details

Version: 1.1.1
Check: for GNU extensions in Makefiles
Result: NOTE
    GNU make is a SystemRequirements.
Flavors: r-devel-linux-x86_64-debian-clang, r-devel-linux-x86_64-debian-gcc, r-devel-linux-x86_64-fedora-clang, r-devel-linux-x86_64-fedora-gcc, r-devel-windows-ix86+x86_64, r-patched-linux-x86_64, r-patched-solaris-x86, r-release-linux-x86_64, r-release-macos-x86_64, r-release-windows-ix86+x86_64, r-oldrel-macos-x86_64, r-oldrel-windows-ix86+x86_64

Version: 1.1.1
Check: installed package size
Result: NOTE
     installed size is 13.1Mb
     sub-directories of 1Mb or more:
     libs 12.9Mb
Flavors: r-devel-linux-x86_64-fedora-clang, r-release-macos-x86_64, r-oldrel-macos-x86_64