Last updated on 2022-06-23 23:52:39 CEST.
Flavor | Version | Tinstall | Tcheck | Ttotal | Status | Flags |
---|---|---|---|---|---|---|
r-devel-linux-x86_64-debian-clang | 1.6 | 14.14 | 123.42 | 137.56 | OK | |
r-devel-linux-x86_64-debian-gcc | 1.6 | 10.49 | 90.81 | 101.30 | OK | |
r-devel-linux-x86_64-fedora-clang | 1.6 | 178.62 | NOTE | |||
r-devel-linux-x86_64-fedora-gcc | 1.6 | 173.63 | OK | |||
r-devel-windows-x86_64 | 1.6 | 20.00 | 136.00 | 156.00 | OK | |
r-patched-linux-x86_64 | 1.6 | 13.02 | 115.64 | 128.66 | OK | |
r-release-linux-x86_64 | 1.6 | 12.34 | 117.33 | 129.67 | OK | |
r-release-macos-arm64 | 1.6 | 42.00 | OK | |||
r-release-macos-x86_64 | 1.6 | 81.00 | OK | |||
r-release-windows-x86_64 | 1.6 | 19.00 | 139.00 | 158.00 | OK | |
r-oldrel-macos-arm64 | 1.6 | 50.00 | OK | |||
r-oldrel-macos-x86_64 | 1.6 | 90.00 | OK | |||
r-oldrel-windows-ix86+x86_64 | 1.6 | 33.00 | 139.00 | 172.00 | OK |
Version: 1.6
Check: Rd cross-references
Result: NOTE
Undeclared package ‘caret’ in Rd xrefs
Flavor: r-devel-linux-x86_64-fedora-clang