Last updated on 2022-06-26 23:51:59 CEST.
Flavor | Version | Tinstall | Tcheck | Ttotal | Status | Flags |
---|---|---|---|---|---|---|
r-devel-linux-x86_64-debian-clang | 2.0.0.9 | 10.74 | 63.75 | 74.49 | NOTE | |
r-devel-linux-x86_64-debian-gcc | 2.0.0.9 | 8.99 | 48.40 | 57.39 | NOTE | |
r-devel-linux-x86_64-fedora-clang | 2.0.0.9 | 98.64 | NOTE | |||
r-devel-linux-x86_64-fedora-gcc | 2.0.0.9 | 98.59 | NOTE | |||
r-devel-windows-x86_64 | 2.0.0.9 | 54.00 | 91.00 | 145.00 | NOTE | |
r-patched-linux-x86_64 | 2.0.0.9 | 15.20 | 58.56 | 73.76 | OK | |
r-release-linux-x86_64 | 2.0.0.9 | 8.86 | 59.08 | 67.94 | OK | |
r-release-macos-arm64 | 2.0.0.9 | 33.00 | OK | |||
r-release-macos-x86_64 | 2.0.0.9 | 42.00 | OK | |||
r-release-windows-x86_64 | 2.0.0.9 | 61.00 | 91.00 | 152.00 | OK | |
r-oldrel-macos-arm64 | 2.0.0.9 | 28.00 | OK | |||
r-oldrel-macos-x86_64 | 2.0.0.9 | 41.00 | OK | |||
r-oldrel-windows-ix86+x86_64 | 2.0.0.9 | 23.00 | 103.00 | 126.00 | OK |
Version: 2.0.0.9
Check: Rd files
Result: NOTE
checkRd: (-1) starship.Rd:61: Escaped LaTeX specials: \&
checkRd: (-1) starship.adaptivegrid.Rd:39: Escaped LaTeX specials: \&
checkRd: (-1) starship.adaptivegrid.Rd:54: Escaped LaTeX specials: \&
checkRd: (-1) starship.adaptivegrid.Rd:64: Escaped LaTeX specials: \&
checkRd: (-1) starship.obj.Rd:25: Escaped LaTeX specials: \&
Flavors: r-devel-linux-x86_64-debian-clang, r-devel-linux-x86_64-debian-gcc, r-devel-linux-x86_64-fedora-clang, r-devel-linux-x86_64-fedora-gcc, r-devel-windows-x86_64