CRAN Package Check Results for Package GHap

Last updated on 2020-11-25 23:51:37 CET.

Flavor Version Tinstall Tcheck Ttotal Status Flags
r-devel-linux-x86_64-debian-clang 2.0.0 14.96 99.65 114.61 OK
r-devel-linux-x86_64-debian-gcc 2.0.0 12.76 76.13 88.89 OK
r-devel-linux-x86_64-fedora-clang 2.0.0 145.74 NOTE
r-devel-linux-x86_64-fedora-gcc 2.0.0 135.30 NOTE
r-devel-windows-ix86+x86_64 2.0.0 28.00 122.00 150.00 OK
r-patched-linux-x86_64 2.0.0 13.64 91.99 105.63 OK
r-patched-solaris-x86 2.0.0 184.40 NOTE
r-release-linux-x86_64 2.0.0 16.51 90.69 107.20 OK
r-release-macos-x86_64 2.0.0 NOTE
r-release-windows-ix86+x86_64 2.0.0 28.00 93.00 121.00 OK
r-oldrel-macos-x86_64 2.0.0 NOTE
r-oldrel-windows-ix86+x86_64 2.0.0 16.00 111.00 127.00 OK

Check Details

Version: 2.0.0
Check: dependencies in R code
Result: NOTE
    Namespace in Imports field not imported from: ‘class’
     All declared Imports should be used.
Flavors: r-devel-linux-x86_64-fedora-clang, r-devel-linux-x86_64-fedora-gcc, r-patched-solaris-x86, r-release-macos-x86_64, r-oldrel-macos-x86_64