CRAN Package Check Results for Package GHap

Last updated on 2024-06-22 00:57:59 CEST.

Flavor Version Tinstall Tcheck Ttotal Status Flags
r-devel-linux-x86_64-debian-clang 3.0.0 24.59 165.19 189.78 OK
r-devel-linux-x86_64-debian-gcc 3.0.0 17.47 117.82 135.29 OK
r-devel-linux-x86_64-fedora-clang 3.0.0 233.94 NOTE
r-devel-linux-x86_64-fedora-gcc 3.0.0 231.75 NOTE
r-devel-windows-x86_64 3.0.0 19.00 130.00 149.00 OK
r-patched-linux-x86_64 3.0.0 30.01 156.43 186.44 OK
r-release-linux-x86_64 3.0.0 19.42 156.40 175.82 OK
r-release-macos-arm64 3.0.0 61.00 OK
r-release-macos-x86_64 3.0.0 98.00 OK
r-release-windows-x86_64 3.0.0 18.00 8.00 26.00 ERROR
r-oldrel-macos-arm64 3.0.0 68.00 OK
r-oldrel-macos-x86_64 3.0.0 113.00 OK
r-oldrel-windows-x86_64 3.0.0 26.00 162.00 188.00 OK

Check Details

Version: 3.0.0
Check: dependencies in R code
Result: NOTE Namespace in Imports field not imported from: ‘class’ All declared Imports should be used. Flavors: r-devel-linux-x86_64-fedora-clang, r-devel-linux-x86_64-fedora-gcc

Version: 3.0.0
Check: whether the package can be loaded
Result: ERROR Loading this package had a fatal error status code 301 Flavor: r-release-windows-x86_64