Last updated on 2022-05-27 23:54:46 CEST.
Flavor | Version | Tinstall | Tcheck | Ttotal | Status | Flags |
---|---|---|---|---|---|---|
r-devel-linux-x86_64-debian-clang | 2.1.1 | 40.39 | 134.57 | 174.96 | OK | |
r-devel-linux-x86_64-debian-gcc | 2.1.1 | 30.72 | 99.91 | 130.63 | OK | |
r-devel-linux-x86_64-fedora-clang | 2.1.1 | 225.34 | NOTE | |||
r-devel-linux-x86_64-fedora-gcc | 2.1.1 | 218.74 | NOTE | |||
r-devel-windows-x86_64 | 2.1.1 | 48.00 | 198.00 | 246.00 | OK | |
r-patched-linux-x86_64 | 2.1.1 | 34.69 | 132.91 | 167.60 | OK | |
r-release-linux-x86_64 | 2.1.1 | 34.46 | 132.83 | 167.29 | OK | |
r-release-macos-arm64 | 2.1.1 | 75.00 | NOTE | |||
r-release-macos-x86_64 | 2.1.1 | 171.00 | NOTE | |||
r-release-windows-x86_64 | 2.1.1 | 50.00 | 203.00 | 253.00 | OK | |
r-oldrel-macos-arm64 | 2.1.1 | 60.00 | NOTE | |||
r-oldrel-macos-x86_64 | 2.1.1 | 100.00 | NOTE | |||
r-oldrel-windows-ix86+x86_64 | 2.1.1 | 95.00 | 184.00 | 279.00 | OK |
Version: 2.1.1
Check: dependencies in R code
Result: NOTE
Namespaces in Imports field not imported from:
‘Rdpack’ ‘mathjaxr’
All declared Imports should be used.
Flavors: r-devel-linux-x86_64-fedora-clang, r-devel-linux-x86_64-fedora-gcc, r-release-macos-arm64, r-release-macos-x86_64, r-oldrel-macos-arm64, r-oldrel-macos-x86_64