CRAN Package Check Results for Package GFE

Last updated on 2024-06-13 00:55:15 CEST.

Flavor Version Tinstall Tcheck Ttotal Status Flags
r-devel-linux-x86_64-debian-clang 0.1.1 5.86 58.32 64.18 OK
r-devel-linux-x86_64-debian-gcc 0.1.1 0.24 1.53 1.77 ERROR
r-devel-linux-x86_64-fedora-clang 0.1.1 80.48 OK
r-devel-linux-x86_64-fedora-gcc 0.1.1 76.29 OK
r-devel-windows-x86_64 0.1.1 5.00 69.00 74.00 OK
r-patched-linux-x86_64 0.1.1 5.62 58.00 63.62 OK
r-release-linux-x86_64 0.1.1 3.90 56.40 60.30 OK
r-release-macos-arm64 0.1.1 28.00 OK
r-release-macos-x86_64 0.1.1 39.00 OK
r-release-windows-x86_64 0.1.1 6.00 72.00 78.00 OK
r-oldrel-macos-arm64 0.1.1 31.00 OK
r-oldrel-macos-x86_64 0.1.1 52.00 OK
r-oldrel-windows-x86_64 0.1.1 7.00 77.00 84.00 OK

Check Details

Version: 0.1.1
Check: package dependencies
Result: ERROR Packages required but not available: 'dplyr', 'TeachingSampling' See section ‘The DESCRIPTION file’ in the ‘Writing R Extensions’ manual. Flavor: r-devel-linux-x86_64-debian-gcc