CRAN Package Check Results for Package GFD

Last updated on 2022-01-19 23:48:59 CET.

Flavor Version Tinstall Tcheck Ttotal Status Flags
r-devel-linux-x86_64-debian-clang 0.3.3 NOTE
r-devel-linux-x86_64-fedora-clang 0.3.3 87.87 NOTE
r-devel-linux-x86_64-fedora-gcc 0.3.3 51.42 NOTE
r-devel-windows-x86_64-new-UL 0.3.3 30.00 122.00 152.00 OK
r-release-macos-arm64 0.3.2 WARN
r-release-macos-x86_64 0.3.2 OK
r-release-windows-ix86+x86_64 0.3.3 6.00 9.00 15.00 ERROR
r-oldrel-macos-x86_64 0.3.2 OK

Check Details

Version: 0.3.3
Check: package dependencies
Result: NOTE
    Package suggested but not available for checking: 'RGtk2'
Flavors: r-devel-linux-x86_64-debian-clang, r-devel-linux-x86_64-fedora-clang, r-devel-linux-x86_64-fedora-gcc

Version: 0.3.2
Check: package dependencies
Result: NOTE
    Package suggested but not available for checking: ‘RGtk2’
Flavor: r-release-macos-arm64

Version: 0.3.2
Check: re-building of vignette outputs
Result: WARN
    Error(s) in re-building vignettes:
     ...
    --- re-building ‘IntroductionToGFD.Rmd’ using rmarkdown
    Quitting from lines 106-107 (IntroductionToGFD.Rmd)
    Error: processing vignette 'IntroductionToGFD.Rmd' failed with diagnostics:
    The GUI cannot be used without packages RGtk2.
    --- failed re-building ‘IntroductionToGFD.Rmd’
    
    SUMMARY: processing the following file failed:
     ‘IntroductionToGFD.Rmd’
    
    Error: Vignette re-building failed.
    Execution halted
Flavor: r-release-macos-arm64

Version: 0.3.3
Check: whether package can be installed
Result: ERROR
    Installation failed.
Flavor: r-release-windows-ix86+x86_64