CRAN Package Check Results for Package GENEAread

Last updated on 2022-06-26 23:51:59 CEST.

Flavor Version Tinstall Tcheck Ttotal Status Flags
r-devel-linux-x86_64-debian-clang 2.0.9 6.53 41.53 48.06 NOTE
r-devel-linux-x86_64-debian-gcc 2.0.9 4.56 31.47 36.03 NOTE
r-devel-linux-x86_64-fedora-clang 2.0.9 69.05 NOTE
r-devel-linux-x86_64-fedora-gcc 2.0.9 68.66 NOTE
r-devel-windows-x86_64 2.0.9 35.00 65.00 100.00 NOTE
r-patched-linux-x86_64 2.0.9 6.92 40.64 47.56 NOTE
r-release-linux-x86_64 2.0.9 5.18 40.18 45.36 NOTE
r-release-macos-arm64 2.0.9 24.00 NOTE
r-release-macos-x86_64 2.0.9 33.00 NOTE
r-release-windows-x86_64 2.0.9 45.00 63.00 108.00 NOTE
r-oldrel-macos-arm64 2.0.9 28.00 NOTE
r-oldrel-macos-x86_64 2.0.9 44.00 NOTE
r-oldrel-windows-ix86+x86_64 2.0.9 12.00 59.00 71.00 NOTE

Check Details

Version: 2.0.9
Check: LazyData
Result: NOTE
     'LazyData' is specified without a 'data' directory
Flavors: r-devel-linux-x86_64-debian-clang, r-devel-linux-x86_64-debian-gcc, r-devel-linux-x86_64-fedora-clang, r-devel-linux-x86_64-fedora-gcc, r-devel-windows-x86_64, r-patched-linux-x86_64, r-release-linux-x86_64, r-release-macos-arm64, r-release-macos-x86_64, r-release-windows-x86_64, r-oldrel-macos-arm64, r-oldrel-macos-x86_64, r-oldrel-windows-ix86+x86_64