CRAN Package Check Results for Package GENEAclassify

Last updated on 2022-06-24 23:50:11 CEST.

Flavor Version Tinstall Tcheck Ttotal Status Flags
r-devel-linux-x86_64-debian-clang 1.5.2 6.27 49.11 55.38 OK
r-devel-linux-x86_64-debian-gcc 1.5.2 5.40 38.49 43.89 OK
r-devel-linux-x86_64-fedora-clang 1.5.2 77.25 NOTE
r-devel-linux-x86_64-fedora-gcc 1.5.2 77.48 OK
r-devel-windows-x86_64 1.5.2 72.00 94.00 166.00 OK
r-patched-linux-x86_64 1.5.2 5.33 47.74 53.07 OK
r-release-linux-x86_64 1.5.2 7.03 48.19 55.22 OK
r-release-macos-arm64 1.5.2 26.00 OK
r-release-macos-x86_64 1.5.2 40.00 OK
r-release-windows-x86_64 1.5.2 63.00 86.00 149.00 OK
r-oldrel-macos-arm64 1.5.2 31.00 OK
r-oldrel-macos-x86_64 1.5.2 46.00 OK
r-oldrel-windows-ix86+x86_64 1.5.2 13.00 73.00 86.00 OK

Check Details

Version: 1.5.2
Check: Rd cross-references
Result: NOTE
    Undeclared package ‘mmap’ in Rd xrefs
Flavor: r-devel-linux-x86_64-fedora-clang