CRAN Package Check Results for Package GBJ

Last updated on 2019-07-22 06:47:38 CEST.

Flavor Version Tinstall Tcheck Ttotal Status Flags
r-devel-linux-x86_64-debian-clang 0.5.2 16.94 61.00 77.94 NOTE
r-devel-linux-x86_64-debian-gcc 0.5.2 13.38 47.90 61.28 NOTE
r-devel-linux-x86_64-fedora-clang 0.5.2 98.78 OK
r-devel-linux-x86_64-fedora-gcc 0.5.2 93.99 OK
r-devel-windows-ix86+x86_64 0.5.2 67.00 102.00 169.00 NOTE
r-patched-linux-x86_64 0.5.2 15.43 62.11 77.54 OK
r-patched-solaris-x86 0.5.2 142.00 OK
r-release-linux-x86_64 0.5.2 14.34 61.88 76.22 OK
r-release-windows-ix86+x86_64 0.5.2 43.00 101.00 144.00 OK
r-release-osx-x86_64 0.5.2 OK
r-oldrel-windows-ix86+x86_64 0.5.2 91.00 128.00 219.00 OK
r-oldrel-osx-x86_64 0.5.2 OK

Check Details

Version: 0.5.2
Check: package vignettes
Result: NOTE
    Package vignette with placeholder title 'Vignette Title':
     'GBJ_tutorial.Rmd'
Flavors: r-devel-linux-x86_64-debian-clang, r-devel-linux-x86_64-debian-gcc, r-devel-windows-ix86+x86_64