CRAN Package Check Results for Package GBJ

Last updated on 2019-11-10 23:48:27 CET.

Flavor Version Tinstall Tcheck Ttotal Status Flags
r-devel-linux-x86_64-debian-clang 0.5.2 19.72 59.83 79.55 NOTE
r-devel-linux-x86_64-debian-gcc 0.5.2 13.32 45.63 58.95 NOTE
r-devel-linux-x86_64-fedora-clang 0.5.2 100.82 OK
r-devel-linux-x86_64-fedora-gcc 0.5.2 99.69 OK
r-devel-windows-ix86+x86_64 0.5.2 46.00 108.00 154.00 NOTE
r-patched-linux-x86_64 0.5.2 15.55 57.59 73.14 OK
r-patched-solaris-x86 0.5.2 136.90 OK
r-release-linux-x86_64 0.5.2 14.17 58.50 72.67 OK
r-release-windows-ix86+x86_64 0.5.2 90.00 137.00 227.00 OK
r-release-osx-x86_64 0.5.2 OK
r-oldrel-windows-ix86+x86_64 0.5.2 52.00 133.00 185.00 OK
r-oldrel-osx-x86_64 0.5.2 OK

Check Details

Version: 0.5.2
Check: package vignettes
Result: NOTE
    Package vignette with placeholder title 'Vignette Title':
     'GBJ_tutorial.Rmd'
Flavors: r-devel-linux-x86_64-debian-clang, r-devel-linux-x86_64-debian-gcc, r-devel-windows-ix86+x86_64