CRAN Package Check Results for Package GAR

Last updated on 2019-12-08 23:47:23 CET.

Flavor Version Tinstall Tcheck Ttotal Status Flags
r-devel-linux-x86_64-debian-clang 1.1 2.28 22.29 24.57 OK
r-devel-linux-x86_64-debian-gcc 1.1 1.87 18.12 19.99 OK
r-devel-linux-x86_64-fedora-clang 1.1 31.09 OK
r-devel-linux-x86_64-fedora-gcc 1.1 29.84 ERROR
r-devel-windows-ix86+x86_64 1.1 5.00 38.00 43.00 OK
r-devel-windows-ix86+x86_64-gcc8 1.1 5.00 35.00 40.00 OK
r-patched-linux-x86_64 1.1 1.82 21.07 22.89 ERROR
r-patched-solaris-x86 1.1 43.30 ERROR
r-release-linux-x86_64 1.1 1.28 20.86 22.14 OK
r-release-windows-ix86+x86_64 1.1 5.00 39.00 44.00 ERROR
r-release-osx-x86_64 1.1 OK
r-oldrel-windows-ix86+x86_64 1.1 3.00 36.00 39.00 OK
r-oldrel-osx-x86_64 1.1 OK

Check Details

Version: 1.1
Check: examples
Result: ERROR
    Running examples in ‘GAR-Ex.R’ failed
    The error most likely occurred in:
    
    > ### Name: GAR-package
    > ### Title: Authorize and Request Google Analytics data.
    > ### Aliases: GAR-package GAR
    > ### Keywords: package
    >
    > ### ** Examples
    >
    >
    >
    > getCode(
    + client_id="ABCDEFG"
    + )
    >
    > getRefresh(
    + client_id="ABCDEFG",
    + client_secret="HIJKLMNOP",
    + code="QRSTUVWX"
    + )
    NULL
    >
    > gaRequest(
    + id=c('ga:123456789','ga:987654321'),
    + dimensions='ga:date,ga:month',
    + metrics='ga:sessions,ga:users,ga:pageviews',
    + start='YYYY-MM-DD',
    + end='YYYY-MM-DDD',
    + sort='-ga:sessions,ga:users',
    + max='1000',
    + filters='ga:browser==VALUE,ga:city==VALUE',
    + segment='abcdef',
    + token='abcdef',
    + allResults=FALSE
    + )
    Error in rbind(deparse.level, ...) :
     numbers of columns of arguments do not match
    Calls: gaRequest -> do.call -> rbind -> rbind
    Execution halted
Flavors: r-devel-linux-x86_64-fedora-gcc, r-patched-solaris-x86

Version: 1.1
Check: examples
Result: ERROR
    Running examples in ‘GAR-Ex.R’ failed
    The error most likely occurred in:
    
    > base::assign(".ptime", proc.time(), pos = "CheckExEnv")
    > ### Name: gaRequest
    > ### Title: Request data from Google Analytics API
    > ### Aliases: gaRequest
    >
    > ### ** Examples
    >
    >
    > gaRequest(
    + id=c('ga:123456789','ga:987654321'),
    + dimensions='ga:date,ga:month',
    + metrics='ga:sessions,ga:users,ga:pageviews',
    + start='YYYY-MM-DD',
    + end='YYYY-MM-DDD',
    + sort='-ga:sessions,ga:users',
    + max='1000',
    + filters='ga:browser==VALUE,ga:city==VALUE',
    + segment='abcdef',
    + allResults=FALSE,
    + token='abcdef'
    + )
    Error in rbind(deparse.level, ...) :
     numbers of columns of arguments do not match
    Calls: gaRequest -> do.call -> rbind -> rbind
    Execution halted
Flavor: r-patched-linux-x86_64

Version: 1.1
Check: examples
Result: ERROR
    Running examples in 'GAR-Ex.R' failed
    The error most likely occurred in:
    
    > ### Name: gaRequest
    > ### Title: Request data from Google Analytics API
    > ### Aliases: gaRequest
    >
    > ### ** Examples
    >
    >
    > gaRequest(
    + id=c('ga:123456789','ga:987654321'),
    + dimensions='ga:date,ga:month',
    + metrics='ga:sessions,ga:users,ga:pageviews',
    + start='YYYY-MM-DD',
    + end='YYYY-MM-DDD',
    + sort='-ga:sessions,ga:users',
    + max='1000',
    + filters='ga:browser==VALUE,ga:city==VALUE',
    + segment='abcdef',
    + allResults=FALSE,
    + token='abcdef'
    + )
    Error in rbind(deparse.level, ...) :
     numbers of columns of arguments do not match
    Calls: gaRequest -> do.call -> rbind -> rbind
    Execution halted
Flavor: r-release-windows-ix86+x86_64