Last updated on 2022-07-02 23:50:36 CEST.
Flavor | Version | Tinstall | Tcheck | Ttotal | Status | Flags |
---|---|---|---|---|---|---|
r-devel-linux-x86_64-debian-clang | 3.2.2 | 53.74 | 101.42 | 155.16 | WARN | |
r-devel-linux-x86_64-debian-gcc | 3.2.2 | 42.66 | 74.16 | 116.82 | OK | |
r-devel-linux-x86_64-fedora-clang | 3.2.2 | 206.65 | WARN | |||
r-devel-linux-x86_64-fedora-gcc | 3.2.2 | 200.21 | OK | |||
r-devel-windows-x86_64 | 3.2.2 | 80.00 | 158.00 | 238.00 | NOTE | |
r-patched-linux-x86_64 | 3.2.2 | 40.93 | 99.47 | 140.40 | OK | |
r-release-linux-x86_64 | 3.2.2 | 54.97 | 98.54 | 153.51 | OK | |
r-release-macos-arm64 | 3.2.2 | 55.00 | NOTE | |||
r-release-macos-x86_64 | 3.2.2 | 78.00 | NOTE | |||
r-release-windows-x86_64 | 3.2.2 | 71.00 | 159.00 | 230.00 | NOTE | |
r-oldrel-macos-arm64 | 3.2.2 | 61.00 | NOTE | |||
r-oldrel-macos-x86_64 | 3.2.2 | 71.00 | NOTE | |||
r-oldrel-windows-ix86+x86_64 | 3.2.2 | 119.00 | 163.00 | 282.00 | NOTE |
Version: 3.2.2
Check: whether package can be installed
Result: WARN
Found the following significant warnings:
genope.cpp:963:8: warning: use of bitwise '|' with boolean operands [-Wbitwise-instead-of-logical]
genope.cpp:1400:6: warning: use of bitwise '&' with boolean operands [-Wbitwise-instead-of-logical]
Flavors: r-devel-linux-x86_64-debian-clang, r-devel-linux-x86_64-fedora-clang
Version: 3.2.2
Check: installed package size
Result: NOTE
installed size is 47.7Mb
sub-directories of 1Mb or more:
doc 44.4Mb
libs 2.7Mb
Flavors: r-devel-linux-x86_64-fedora-clang, r-devel-windows-x86_64, r-release-macos-arm64, r-release-macos-x86_64, r-release-windows-x86_64, r-oldrel-macos-arm64, r-oldrel-macos-x86_64, r-oldrel-windows-ix86+x86_64