CRAN Package Check Results for Package FishResp

Last updated on 2022-06-24 23:50:11 CEST.

Flavor Version Tinstall Tcheck Ttotal Status Flags
r-devel-linux-x86_64-debian-clang 1.1.0 21.80 121.76 143.56 OK
r-devel-linux-x86_64-debian-gcc 1.1.0 18.99 86.99 105.98 OK
r-devel-linux-x86_64-fedora-clang 1.1.0 177.23 NOTE
r-devel-linux-x86_64-fedora-gcc 1.1.0 175.99 OK
r-devel-windows-x86_64 1.1.0 45.00 134.00 179.00 NOTE
r-patched-linux-x86_64 1.1.0 25.68 111.63 137.31 OK
r-release-linux-x86_64 1.1.0 17.70 113.91 131.61 OK
r-release-macos-arm64 1.1.0 44.00 NOTE
r-release-macos-x86_64 1.1.0 80.00 NOTE
r-release-windows-x86_64 1.1.0 48.00 137.00 185.00 NOTE
r-oldrel-macos-arm64 1.1.0 54.00 NOTE
r-oldrel-macos-x86_64 1.1.0 88.00 NOTE
r-oldrel-windows-ix86+x86_64 1.1.0 37.00 133.00 170.00 NOTE

Check Details

Version: 1.1.0
Check: installed package size
Result: NOTE
     installed size is 5.6Mb
     sub-directories of 1Mb or more:
     data 1.4Mb
     extdata 3.8Mb
Flavors: r-devel-linux-x86_64-fedora-clang, r-devel-windows-x86_64, r-release-macos-arm64, r-release-macos-x86_64, r-release-windows-x86_64, r-oldrel-macos-arm64, r-oldrel-macos-x86_64, r-oldrel-windows-ix86+x86_64