CRAN Package Check Results for Package FisHiCal

Last updated on 2021-04-14 23:47:11 CEST.

Flavor Version Tinstall Tcheck Ttotal Status Flags
r-devel-linux-x86_64-debian-clang 1.1 28.41 39.62 68.03 NOTE
r-devel-linux-x86_64-debian-gcc 1.1 18.24 31.62 49.86 NOTE
r-devel-linux-x86_64-fedora-clang 1.1 98.80 NOTE
r-devel-linux-x86_64-fedora-gcc 1.1 82.64 NOTE
r-devel-windows-ix86+x86_64 1.1 55.00 90.00 145.00 NOTE
r-devel-windows-x86_64-gcc10-UCRT 1.1 NOTE
r-patched-linux-x86_64 1.1 24.03 38.18 62.21 NOTE
r-patched-solaris-x86 1.1 99.70 NOTE
r-release-linux-x86_64 1.1 20.19 38.71 58.90 NOTE
r-release-macos-x86_64 1.1 NOTE
r-release-windows-ix86+x86_64 1.1 53.00 86.00 139.00 NOTE
r-oldrel-macos-x86_64 1.1 FAIL
r-oldrel-windows-ix86+x86_64 1.1 57.00 60.00 117.00 NOTE

Check Details

Version: 1.1
Check: R code for possible problems
Result: NOTE
    lsmacof: no visible global function definition for 'cmdscale'
    plotInc: no visible global function definition for 'rainbow'
    prepareCalib: no visible global function definition for 'lm'
    Undefined global functions or variables:
     cmdscale lm rainbow
    Consider adding
     importFrom("grDevices", "rainbow")
     importFrom("stats", "cmdscale", "lm")
    to your NAMESPACE file.
Flavors: r-devel-linux-x86_64-debian-clang, r-devel-linux-x86_64-debian-gcc, r-devel-linux-x86_64-fedora-clang, r-devel-linux-x86_64-fedora-gcc, r-devel-windows-ix86+x86_64, r-devel-windows-x86_64-gcc10-UCRT, r-patched-linux-x86_64, r-patched-solaris-x86, r-release-linux-x86_64, r-release-macos-x86_64, r-release-windows-ix86+x86_64

Version: 1.1
Check: compiled code
Result: NOTE
    File ‘FisHiCal/libs/FisHiCal.so’:
     Found no calls to: ‘R_registerRoutines’, ‘R_useDynamicSymbols’
    
    It is good practice to register native routines and to disable symbol
    search.
    
    See ‘Writing portable packages’ in the ‘Writing R Extensions’ manual.
Flavors: r-devel-linux-x86_64-fedora-clang, r-devel-linux-x86_64-fedora-gcc

Version: 1.1
Check: R code for possible problems
Result: NOTE
    lsmacof: no visible global function definition for ‘cmdscale’
    plotInc: no visible global function definition for ‘rainbow’
    plotInc: no visible global function definition for ‘plot’
    prepareCalib: no visible global function definition for ‘lm’
    Undefined global functions or variables:
     cmdscale lm plot rainbow
    Consider adding
     importFrom("grDevices", "rainbow")
     importFrom("graphics", "plot")
     importFrom("stats", "cmdscale", "lm")
    to your NAMESPACE file.
Flavors: r-oldrel-macos-x86_64, r-oldrel-windows-ix86+x86_64

Version: 1.1
Check: examples
Result: FAIL
Flavor: r-oldrel-macos-x86_64