CRAN Package Check Results for Package FaultTree

Last updated on 2022-11-26 23:58:14 CET.

Flavor Version Tinstall Tcheck Ttotal Status Flags
r-devel-linux-x86_64-debian-clang 0.99.5 143.42 38.04 181.46 OK
r-devel-linux-x86_64-debian-gcc 0.99.5 121.31 29.24 150.55 OK
r-devel-linux-x86_64-fedora-clang 0.99.5 303.43 OK
r-devel-linux-x86_64-fedora-gcc 0.99.5 261.76 OK
r-devel-windows-x86_64 0.99.5 205.00 87.00 292.00 OK
r-patched-linux-x86_64 0.99.5 OK
r-release-linux-x86_64 0.99.5 133.46 36.70 170.16 OK
r-release-macos-arm64 0.99.5 56.00 OK
r-release-macos-x86_64 0.99.5 77.00 OK
r-release-windows-x86_64 0.99.5 198.00 92.00 290.00 OK
r-oldrel-macos-arm64 0.99.5 58.00 NOTE
r-oldrel-macos-x86_64 0.99.5 103.00 OK
r-oldrel-windows-ix86+x86_64 0.99.5 382.00 83.00 465.00 OK

Check Details

Version: 0.99.5
Check: installed package size
Result: NOTE
     installed size is 5.2Mb
     sub-directories of 1Mb or more:
     libs 4.9Mb
Flavor: r-oldrel-macos-arm64